182.3.169.128 - - [25/Feb/2026:12:37:29 +0000] "POST /wp-admin/admin-ajax.php HTTP/1.1" 200 147 "https://caketoppers.com/wp-admin/plugin-editor.php?plugin=favicon-by-realfavicongenerator%2Ffavicon-by-realfavicongenerator.php&Submit=Select" "Mozilla/5.0 (Windows NT 10.0; Win64; x64) AppleWebKit/537.36 (KHTML, like Gecko) Chrome/145.0.0.0 Safari/537.36"
54.38.145.185 - - [25/Feb/2026:12:37:32 +0000] "POST /wp-cron.php?doing_wp_cron=1772023051.9476630687713623046875 HTTP/1.1" 200 - "-" "WordPress/6.9.1; https://caketoppers.com"
182.3.169.128 - - [25/Feb/2026:12:37:30 +0000] "POST /wp-admin/admin-ajax.php HTTP/1.1" 200 147 "https://caketoppers.com/wp-admin/plugin-editor.php?plugin=favicon-by-realfavicongenerator%2Ffavicon-by-realfavicongenerator.php&Submit=Select" "Mozilla/5.0 (Windows NT 10.0; Win64; x64) AppleWebKit/537.36 (KHTML, like Gecko) Chrome/145.0.0.0 Safari/537.36"
54.38.145.185 - - [25/Feb/2026:12:38:10 +0000] "POST /wp-cron.php?doing_wp_cron=1772023090.8144729137420654296875 HTTP/1.1" 200 - "-" "WordPress/6.9.1; https://caketoppers.com"
182.3.169.128 - - [25/Feb/2026:12:38:08 +0000] "POST /wp-admin/admin-ajax.php HTTP/1.1" 200 147 "https://caketoppers.com/wp-admin/plugin-editor.php?file=46baaade%2Flanguages%2Findex.php&plugin=46baaade%2Fprotect-uploads.php" "Mozilla/5.0 (Windows NT 10.0; Win64; x64) AppleWebKit/537.36 (KHTML, like Gecko) Chrome/145.0.0.0 Safari/537.36"
182.3.169.128 - - [25/Feb/2026:12:38:41 +0000] "GET /wp-content/plugins/46baaade/languages/index.php HTTP/1.1" 500 - "-" "Mozilla/5.0 (Windows NT 10.0; Win64; x64) AppleWebKit/537.36 (KHTML, like Gecko) Chrome/145.0.0.0 Safari/537.36"
54.38.145.185 - - [25/Feb/2026:12:38:50 +0000] "POST /wp-cron.php?doing_wp_cron=1772023130.1641829013824462890625 HTTP/1.1" 200 - "-" "WordPress/6.9.1; https://caketoppers.com"
182.3.169.128 - - [25/Feb/2026:12:38:48 +0000] "POST /wp-admin/admin-ajax.php HTTP/1.1" 200 147 "https://caketoppers.com/wp-admin/plugin-editor.php?file=46baaade%2Flanguages%2Findex.php&plugin=46baaade%2Fprotect-uploads.php" "Mozilla/5.0 (Windows NT 10.0; Win64; x64) AppleWebKit/537.36 (KHTML, like Gecko) Chrome/145.0.0.0 Safari/537.36"
54.38.145.185 - - [25/Feb/2026:12:39:15 +0000] "POST /wp-cron.php?doing_wp_cron=1772023155.1755349636077880859375 HTTP/1.1" 200 - "-" "WordPress/6.9.1; https://caketoppers.com"
182.3.169.128 - - [25/Feb/2026:12:39:13 +0000] "POST /wp-admin/admin-ajax.php HTTP/1.1" 200 147 "https://caketoppers.com/wp-admin/plugin-editor.php" "Mozilla/5.0 (Windows NT 10.0; Win64; x64) AppleWebKit/537.36 (KHTML, like Gecko) Chrome/145.0.0.0 Safari/537.36"
182.3.169.128 - - [25/Feb/2026:12:39:16 +0000] "POST /wp-admin/admin-ajax.php?_fs_blog_admin=true HTTP/1.1" 200 63 "https://caketoppers.com/wp-admin/plugin-editor.php?file=46baaade%2Flanguages%2Findex.php&plugin=46baaade%2Fprotect-uploads.php" "Mozilla/5.0 (Windows NT 10.0; Win64; x64) AppleWebKit/537.36 (KHTML, like Gecko) Chrome/145.0.0.0 Safari/537.36"
182.3.169.128 - - [25/Feb/2026:12:39:21 +0000] "GET /wp-content/plugins/46baaade/languages/index.php HTTP/1.1" 200 31482 "-" "Mozilla/5.0 (Windows NT 10.0; Win64; x64) AppleWebKit/537.36 (KHTML, like Gecko) Chrome/145.0.0.0 Safari/537.36"
182.3.169.128 - - [25/Feb/2026:12:39:24 +0000] "GET /favicon.ico HTTP/1.1" 302 - "https://caketoppers.com/wp-content/plugins/46baaade/languages/index.php" "Mozilla/5.0 (Windows NT 10.0; Win64; x64) AppleWebKit/537.36 (KHTML, like Gecko) Chrome/145.0.0.0 Safari/537.36"
85.108.195.136 - - [25/Feb/2026:12:39:26 +0000] "GET /wp-content/uploads/fbrfg/apple-touch-icon.png HTTP/1.1" 200 7985 "-" "Dalvik/2.1.0 (Linux; U; Android 15; SM-A155F Build/AP3A.240905.015.A2)"
182.3.169.128 - - [25/Feb/2026:12:39:48 +0000] "POST /wp-admin/admin-ajax.php HTTP/1.1" 200 147 "https://caketoppers.com/wp-admin/plugin-editor.php?file=46baaade%2Flanguages%2Findex.php&plugin=46baaade%2Fprotect-uploads.php" "Mozilla/5.0 (Windows NT 10.0; Win64; x64) AppleWebKit/537.36 (KHTML, like Gecko) Chrome/145.0.0.0 Safari/537.36"
54.38.145.185 - - [25/Feb/2026:12:40:25 +0000] "POST /wp-cron.php?doing_wp_cron=1772023225.3260679244995117187500 HTTP/1.1" 200 - "-" "WordPress/6.9.1; https://caketoppers.com"
220.181.108.177 - - [25/Feb/2026:12:40:23 +0000] "GET /pd_9558_alt1 HTTP/1.1" 404 149929 "-" "Mozilla/5.0 (compatible; Baiduspider/2.0; +http://www.baidu.com/search/spider.html)"
54.38.145.185 - - [25/Feb/2026:12:41:16 +0000] "POST /wp-cron.php?doing_wp_cron=1772023276.8715600967407226562500 HTTP/1.1" 200 - "-" "WordPress/6.9.1; https://caketoppers.com"
182.3.169.128 - - [25/Feb/2026:12:41:14 +0000] "POST /wp-admin/admin-ajax.php HTTP/1.1" 200 147 "https://caketoppers.com/wp-admin/plugin-editor.php" "Mozilla/5.0 (Windows NT 10.0; Win64; x64) AppleWebKit/537.36 (KHTML, like Gecko) Chrome/145.0.0.0 Safari/537.36"
182.3.169.128 - - [25/Feb/2026:12:41:44 +0000] "POST /wp-admin/admin-ajax.php HTTP/1.1" 200 147 "https://caketoppers.com/wp-admin/plugin-editor.php?plugin=favicon-by-realfavicongenerator%2Ffavicon-by-realfavicongenerator.php&Submit=Select" "Mozilla/5.0 (Windows NT 10.0; Win64; x64) AppleWebKit/537.36 (KHTML, like Gecko) Chrome/145.0.0.0 Safari/537.36"
182.3.169.128 - - [25/Feb/2026:12:41:42 +0000] "POST /wp-admin/admin-ajax.php HTTP/1.1" 200 147 "https://caketoppers.com/wp-admin/plugin-editor.php?file=46baaade%2Flanguages%2Findex.php&plugin=46baaade%2Fprotect-uploads.php" "Mozilla/5.0 (Windows NT 10.0; Win64; x64) AppleWebKit/537.36 (KHTML, like Gecko) Chrome/145.0.0.0 Safari/537.36"
54.38.145.185 - - [25/Feb/2026:12:42:17 +0000] "POST /wp-cron.php?doing_wp_cron=1772023337.5378310680389404296875 HTTP/1.1" 200 - "-" "WordPress/6.9.1; https://caketoppers.com"
116.179.37.154 - - [25/Feb/2026:12:42:15 +0000] "GET /pd_9558_alt1 HTTP/1.1" 404 149929 "-" "Mozilla/5.0 (compatible; Baiduspider-render/2.0; +http://www.baidu.com/search/spider.html)"
54.38.145.185 - - [25/Feb/2026:12:45:38 +0000] "POST /wp-cron.php?doing_wp_cron=1772023538.0260601043701171875000 HTTP/1.1" 200 - "-" "WordPress/6.9.1; https://caketoppers.com"
182.3.164.109 - - [25/Feb/2026:12:45:35 +0000] "GET /wp-login.php HTTP/1.1" 200 11045 "-" "Mozilla/5.0 (Windows NT 10.0; Win64; x64) AppleWebKit/537.36 (KHTML, like Gecko) Chrome/145.0.0.0 Safari/537.36"
182.3.164.109 - - [25/Feb/2026:12:45:38 +0000] "GET /wp-content/themes/prdctfltr.js?ver=1772023537 HTTP/1.1" 200 303107 "https://caketoppers.com/wp-login.php" "Mozilla/5.0 (Windows NT 10.0; Win64; x64) AppleWebKit/537.36 (KHTML, like Gecko) Chrome/145.0.0.0 Safari/537.36"
54.38.145.185 - - [25/Feb/2026:12:46:37 +0000] "POST /wp-cron.php?doing_wp_cron=1772023597.7855930328369140625000 HTTP/1.1" 200 - "-" "WordPress/6.9.1; https://caketoppers.com"
182.3.164.109 - - [25/Feb/2026:12:46:35 +0000] "GET /wp-login.php HTTP/1.1" 200 11024 "-" "Mozilla/5.0 (Windows NT 10.0; Win64; x64) AppleWebKit/537.36 (KHTML, like Gecko) Chrome/145.0.0.0 Safari/537.36"
182.3.164.109 - - [25/Feb/2026:12:46:38 +0000] "GET /wp-content/themes/prdctfltr.js?ver=1772023597 HTTP/1.1" 200 303107 "https://caketoppers.com/wp-login.php" "Mozilla/5.0 (Windows NT 10.0; Win64; x64) AppleWebKit/537.36 (KHTML, like Gecko) Chrome/145.0.0.0 Safari/537.36"
182.3.164.109 - - [25/Feb/2026:12:46:44 +0000] "POST /wp-login.php HTTP/1.1" 302 - "https://caketoppers.com/wp-login.php" "Mozilla/5.0 (Windows NT 10.0; Win64; x64) AppleWebKit/537.36 (KHTML, like Gecko) Chrome/145.0.0.0 Safari/537.36"
182.3.164.109 - - [25/Feb/2026:12:46:46 +0000] "GET /wp-admin/ HTTP/1.1" 200 351143 "https://caketoppers.com/wp-login.php" "Mozilla/5.0 (Windows NT 10.0; Win64; x64) AppleWebKit/537.36 (KHTML, like Gecko) Chrome/145.0.0.0 Safari/537.36"
182.3.164.109 - - [25/Feb/2026:12:46:50 +0000] "GET /wp-admin/load-styles.php?c=0&dir=ltr&load%5Bchunk_0%5D=dashicons,admin-bar,site-health,common,forms,admin-menu,dashboard,list-tables,edit,revisions,media,themes,about,nav-menus,wp-poi&load%5Bchunk_1%5D=nter,widgets,site-icon,l10n,buttons,wp-auth-check,wp-components,wp-commands,wp-color-picker,media-views&ver=6.9.1 HTTP/1.1" 200 581074 "https://caketoppers.com/wp-admin/" "Mozilla/5.0 (Windows NT 10.0; Win64; x64) AppleWebKit/537.36 (KHTML, like Gecko) Chrome/145.0.0.0 Safari/537.36"
182.3.164.109 - - [25/Feb/2026:12:46:50 +0000] "GET /wp-content/themes/prdctfltr.js?ver=1772023606 HTTP/1.1" 200 303107 "https://caketoppers.com/wp-admin/" "Mozilla/5.0 (Windows NT 10.0; Win64; x64) AppleWebKit/537.36 (KHTML, like Gecko) Chrome/145.0.0.0 Safari/537.36"
182.3.164.109 - - [25/Feb/2026:12:46:50 +0000] "GET /wp-json/wp/v2/ HTTP/1.1" 200 225150 "https://caketoppers.com/wp-admin/" "Mozilla/5.0 (Windows NT 10.0; Win64; x64) AppleWebKit/537.36 (KHTML, like Gecko) Chrome/145.0.0.0 Safari/537.36"
182.3.164.109 - - [25/Feb/2026:12:46:50 +0000] "GET /wp-json/wp/v2/users/me?context=edit&_locale=user HTTP/1.1" 200 11992 "https://caketoppers.com/wp-admin/" "Mozilla/5.0 (Windows NT 10.0; Win64; x64) AppleWebKit/537.36 (KHTML, like Gecko) Chrome/145.0.0.0 Safari/537.36"
182.3.164.109 - - [25/Feb/2026:12:46:51 +0000] "POST /wp-admin/admin-ajax.php?_fs_blog_admin=true HTTP/1.1" 200 44 "https://caketoppers.com/wp-admin/" "Mozilla/5.0 (Windows NT 10.0; Win64; x64) AppleWebKit/537.36 (KHTML, like Gecko) Chrome/145.0.0.0 Safari/537.36"
182.3.164.109 - - [25/Feb/2026:12:46:51 +0000] "POST /wp-admin/admin-ajax.php?_fs_blog_admin=true HTTP/1.1" 200 100 "https://caketoppers.com/wp-admin/" "Mozilla/5.0 (Windows NT 10.0; Win64; x64) AppleWebKit/537.36 (KHTML, like Gecko) Chrome/145.0.0.0 Safari/537.36"
182.3.164.109 - - [25/Feb/2026:12:46:52 +0000] "POST /wp-admin/admin-ajax.php?_fs_blog_admin=true HTTP/1.1" 200 102 "https://caketoppers.com/wp-admin/" "Mozilla/5.0 (Windows NT 10.0; Win64; x64) AppleWebKit/537.36 (KHTML, like Gecko) Chrome/145.0.0.0 Safari/537.36"
54.38.145.185 - - [25/Feb/2026:12:46:57 +0000] "POST /wp-cron.php?doing_wp_cron=1772023617.0739099979400634765625 HTTP/1.1" 200 - "-" "WordPress/6.9.1; https://caketoppers.com"
182.3.164.109 - - [25/Feb/2026:12:46:56 +0000] "POST /wp-admin/admin-ajax.php HTTP/1.1" 200 147 "https://caketoppers.com/wp-admin/" "Mozilla/5.0 (Windows NT 10.0; Win64; x64) AppleWebKit/537.36 (KHTML, like Gecko) Chrome/145.0.0.0 Safari/537.36"
182.3.164.109 - - [25/Feb/2026:12:46:59 +0000] "GET /wp-admin/plugin-editor.php HTTP/1.1" 200 380019 "https://caketoppers.com/wp-admin/" "Mozilla/5.0 (Windows NT 10.0; Win64; x64) AppleWebKit/537.36 (KHTML, like Gecko) Chrome/145.0.0.0 Safari/537.36"
182.3.164.109 - - [25/Feb/2026:12:47:00 +0000] "GET /wp-admin/load-styles.php?c=0&dir=ltr&load%5Bchunk_0%5D=dashicons,admin-bar,code-editor,common,forms,admin-menu,dashboard,list-tables,edit,revisions,media,themes,about,nav-menus,wp-poi&load%5Bchunk_1%5D=nter,widgets,site-icon,l10n,buttons,wp-auth-check,wp-components,wp-commands,wp-color-picker,media-views&ver=6.9.1 HTTP/1.1" 200 577159 "https://caketoppers.com/wp-admin/plugin-editor.php" "Mozilla/5.0 (Windows NT 10.0; Win64; x64) AppleWebKit/537.36 (KHTML, like Gecko) Chrome/145.0.0.0 Safari/537.36"
182.3.164.109 - - [25/Feb/2026:12:47:00 +0000] "GET /wp-content/themes/prdctfltr.js?ver=1772023619 HTTP/1.1" 200 303107 "https://caketoppers.com/wp-admin/plugin-editor.php" "Mozilla/5.0 (Windows NT 10.0; Win64; x64) AppleWebKit/537.36 (KHTML, like Gecko) Chrome/145.0.0.0 Safari/537.36"
182.3.164.109 - - [25/Feb/2026:12:47:00 +0000] "GET /wp-json/wp/v2/users/me?context=edit&_locale=user HTTP/1.1" 200 11992 "https://caketoppers.com/wp-admin/plugin-editor.php" "Mozilla/5.0 (Windows NT 10.0; Win64; x64) AppleWebKit/537.36 (KHTML, like Gecko) Chrome/145.0.0.0 Safari/537.36"
182.3.164.109 - - [25/Feb/2026:12:47:06 +0000] "POST /wp-admin/admin-ajax.php HTTP/1.1" 200 147 "https://caketoppers.com/wp-admin/plugin-editor.php" "Mozilla/5.0 (Windows NT 10.0; Win64; x64) AppleWebKit/537.36 (KHTML, like Gecko) Chrome/145.0.0.0 Safari/537.36"
54.38.145.185 - - [25/Feb/2026:12:47:40 +0000] "POST /wp-cron.php?doing_wp_cron=1772023660.6993639469146728515625 HTTP/1.1" 200 - "-" "WordPress/6.9.1; https://caketoppers.com"
182.3.164.109 - - [25/Feb/2026:12:47:39 +0000] "GET /wp-admin/plugin-editor.php?plugin=search-exclude%2Fsearch-exclude.php&Submit=Select HTTP/1.1" 200 307716 "https://caketoppers.com/wp-admin/plugin-editor.php" "Mozilla/5.0 (Windows NT 10.0; Win64; x64) AppleWebKit/537.36 (KHTML, like Gecko) Chrome/145.0.0.0 Safari/537.36"
182.3.164.109 - - [25/Feb/2026:12:47:41 +0000] "GET /wp-admin/load-styles.php?c=0&dir=ltr&load%5Bchunk_0%5D=dashicons,admin-bar,code-editor,common,forms,admin-menu,dashboard,list-tables,edit,revisions,media,themes,about,nav-menus,wp-poi&load%5Bchunk_1%5D=nter,widgets,site-icon,l10n,buttons,wp-auth-check,wp-components,wp-commands,wp-color-picker,media-views&ver=6.9.1 HTTP/1.1" 200 577159 "https://caketoppers.com/wp-admin/plugin-editor.php?plugin=search-exclude%2Fsearch-exclude.php&Submit=Select" "Mozilla/5.0 (Windows NT 10.0; Win64; x64) AppleWebKit/537.36 (KHTML, like Gecko) Chrome/145.0.0.0 Safari/537.36"
182.3.164.109 - - [25/Feb/2026:12:47:41 +0000] "GET /wp-content/themes/prdctfltr.js?ver=1772023660 HTTP/1.1" 200 303107 "https://caketoppers.com/wp-admin/plugin-editor.php?plugin=search-exclude%2Fsearch-exclude.php&Submit=Select" "Mozilla/5.0 (Windows NT 10.0; Win64; x64) AppleWebKit/537.36 (KHTML, like Gecko) Chrome/145.0.0.0 Safari/537.36"
182.3.164.109 - - [25/Feb/2026:12:47:42 +0000] "GET /wp-json/wp/v2/users/me?context=edit&_locale=user HTTP/1.1" 200 11992 "https://caketoppers.com/wp-admin/plugin-editor.php?plugin=search-exclude%2Fsearch-exclude.php&Submit=Select" "Mozilla/5.0 (Windows NT 10.0; Win64; x64) AppleWebKit/537.36 (KHTML, like Gecko) Chrome/145.0.0.0 Safari/537.36"
182.3.164.109 - - [25/Feb/2026:12:47:47 +0000] "POST /wp-admin/admin-ajax.php HTTP/1.1" 200 147 "https://caketoppers.com/wp-admin/plugin-editor.php?plugin=search-exclude%2Fsearch-exclude.php&Submit=Select" "Mozilla/5.0 (Windows NT 10.0; Win64; x64) AppleWebKit/537.36 (KHTML, like Gecko) Chrome/145.0.0.0 Safari/537.36"
182.3.164.109 - - [25/Feb/2026:12:47:55 +0000] "POST /wp-login.php HTTP/1.1" 302 - "https://caketoppers.com/wp-login.php" "Mozilla/5.0 (Windows NT 10.0; Win64; x64) AppleWebKit/537.36 (KHTML, like Gecko) Chrome/145.0.0.0 Safari/537.36"
54.38.145.185 - - [25/Feb/2026:12:47:58 +0000] "POST /wp-cron.php?doing_wp_cron=1772023678.8844211101531982421875 HTTP/1.1" 200 - "-" "WordPress/6.9.1; https://caketoppers.com"
54.38.145.185 - - [25/Feb/2026:12:47:58 +0000] "GET /wp-admin/plugin-editor.php?plugin=search-exclude%2Fsearch-exclude.php&file=search-exclude%2Fsearch-exclude.php&wp_scrape_key=a49c3a69c851241fe851e0c9228989e0&wp_scrape_nonce=1050125066 HTTP/1.1" 200 308862 "-" "WordPress/6.9.1; https://caketoppers.com"
54.38.145.185 - - [25/Feb/2026:12:47:58 +0000] "GET /?wp_scrape_key=a49c3a69c851241fe851e0c9228989e0&wp_scrape_nonce=1050125066 HTTP/1.1" 200 261766 "-" "WordPress/6.9.1; https://caketoppers.com"
54.38.145.185 - - [25/Feb/2026:12:47:59 +0000] "POST /wp-cron.php?doing_wp_cron=1772023679.3418500423431396484375 HTTP/1.1" 200 - "-" "WordPress/6.9.1; https://caketoppers.com"
182.3.164.109 - - [25/Feb/2026:12:47:58 +0000] "POST /wp-admin/admin-ajax.php?_fs_blog_admin=true HTTP/1.1" 200 63 "https://caketoppers.com/wp-admin/plugin-editor.php?plugin=search-exclude%2Fsearch-exclude.php&Submit=Select" "Mozilla/5.0 (Windows NT 10.0; Win64; x64) AppleWebKit/537.36 (KHTML, like Gecko) Chrome/145.0.0.0 Safari/537.36"
182.3.164.109 - - [25/Feb/2026:12:47:57 +0000] "GET /wp-admin/ HTTP/1.1" 200 351217 "https://caketoppers.com/wp-login.php" "Mozilla/5.0 (Windows NT 10.0; Win64; x64) AppleWebKit/537.36 (KHTML, like Gecko) Chrome/145.0.0.0 Safari/537.36"
182.3.164.109 - - [25/Feb/2026:12:48:00 +0000] "GET /wp-admin/load-styles.php?c=0&dir=ltr&load%5Bchunk_0%5D=dashicons,admin-bar,site-health,common,forms,admin-menu,dashboard,list-tables,edit,revisions,media,themes,about,nav-menus,wp-poi&load%5Bchunk_1%5D=nter,widgets,site-icon,l10n,buttons,wp-auth-check,wp-components,wp-commands,wp-color-picker,media-views&ver=6.9.1 HTTP/1.1" 200 581074 "https://caketoppers.com/wp-admin/" "Mozilla/5.0 (Windows NT 10.0; Win64; x64) AppleWebKit/537.36 (KHTML, like Gecko) Chrome/145.0.0.0 Safari/537.36"
182.3.164.109 - - [25/Feb/2026:12:48:00 +0000] "GET /wp-content/themes/prdctfltr.js?ver=1772023677 HTTP/1.1" 200 303107 "https://caketoppers.com/wp-admin/" "Mozilla/5.0 (Windows NT 10.0; Win64; x64) AppleWebKit/537.36 (KHTML, like Gecko) Chrome/145.0.0.0 Safari/537.36"
182.3.164.109 - - [25/Feb/2026:12:48:00 +0000] "GET /wp-json/wp/v2/users/me?context=edit&_locale=user HTTP/1.1" 200 11992 "https://caketoppers.com/wp-admin/" "Mozilla/5.0 (Windows NT 10.0; Win64; x64) AppleWebKit/537.36 (KHTML, like Gecko) Chrome/145.0.0.0 Safari/537.36"
182.3.164.109 - - [25/Feb/2026:12:48:00 +0000] "GET /wp-json/wp/v2/ HTTP/1.1" 200 225150 "https://caketoppers.com/wp-admin/" "Mozilla/5.0 (Windows NT 10.0; Win64; x64) AppleWebKit/537.36 (KHTML, like Gecko) Chrome/145.0.0.0 Safari/537.36"
182.3.164.109 - - [25/Feb/2026:12:48:01 +0000] "POST /wp-admin/admin-ajax.php?_fs_blog_admin=true HTTP/1.1" 200 44 "https://caketoppers.com/wp-admin/" "Mozilla/5.0 (Windows NT 10.0; Win64; x64) AppleWebKit/537.36 (KHTML, like Gecko) Chrome/145.0.0.0 Safari/537.36"
182.3.164.109 - - [25/Feb/2026:12:48:01 +0000] "POST /wp-admin/admin-ajax.php?_fs_blog_admin=true HTTP/1.1" 200 102 "https://caketoppers.com/wp-admin/" "Mozilla/5.0 (Windows NT 10.0; Win64; x64) AppleWebKit/537.36 (KHTML, like Gecko) Chrome/145.0.0.0 Safari/537.36"
182.3.164.109 - - [25/Feb/2026:12:48:04 +0000] "GET /wp-admin/plugins.php HTTP/1.1" 200 490370 "https://caketoppers.com/wp-admin/" "Mozilla/5.0 (Windows NT 10.0; Win64; x64) AppleWebKit/537.36 (KHTML, like Gecko) Chrome/145.0.0.0 Safari/537.36"
182.3.164.109 - - [25/Feb/2026:12:48:05 +0000] "GET /wp-admin/load-styles.php?c=0&dir=ltr&load%5Bchunk_0%5D=dashicons,admin-bar,common,forms,admin-menu,dashboard,list-tables,edit,revisions,media,themes,about,nav-menus,wp-pointer,widgets&load%5Bchunk_1%5D=,site-icon,l10n,buttons,wp-auth-check,wp-components,wp-commands,wp-color-picker,media-views&ver=6.9.1 HTTP/1.1" 200 575723 "https://caketoppers.com/wp-admin/plugins.php" "Mozilla/5.0 (Windows NT 10.0; Win64; x64) AppleWebKit/537.36 (KHTML, like Gecko) Chrome/145.0.0.0 Safari/537.36"
182.3.164.109 - - [25/Feb/2026:12:48:05 +0000] "GET /wp-content/themes/prdctfltr.js?ver=1772023684 HTTP/1.1" 200 303107 "https://caketoppers.com/wp-admin/plugins.php" "Mozilla/5.0 (Windows NT 10.0; Win64; x64) AppleWebKit/537.36 (KHTML, like Gecko) Chrome/145.0.0.0 Safari/537.36"
182.3.164.109 - - [25/Feb/2026:12:48:05 +0000] "GET /wp-json/wp/v2/users/me?context=edit&_locale=user HTTP/1.1" 200 11992 "https://caketoppers.com/wp-admin/plugins.php" "Mozilla/5.0 (Windows NT 10.0; Win64; x64) AppleWebKit/537.36 (KHTML, like Gecko) Chrome/145.0.0.0 Safari/537.36"
182.3.164.109 - - [25/Feb/2026:12:48:11 +0000] "POST /wp-admin/admin-ajax.php HTTP/1.1" 200 147 "https://caketoppers.com/wp-admin/plugins.php" "Mozilla/5.0 (Windows NT 10.0; Win64; x64) AppleWebKit/537.36 (KHTML, like Gecko) Chrome/145.0.0.0 Safari/537.36"
182.3.164.109 - - [25/Feb/2026:12:48:34 +0000] "POST /wp-admin/admin-ajax.php HTTP/1.1" 200 147 "https://caketoppers.com/wp-admin/plugin-editor.php" "Mozilla/5.0 (Windows NT 10.0; Win64; x64) AppleWebKit/537.36 (KHTML, like Gecko) Chrome/145.0.0.0 Safari/537.36"
182.3.164.109 - - [25/Feb/2026:12:48:38 +0000] "GET /wp-admin/plugins.php HTTP/1.1" 200 490370 "https://caketoppers.com/wp-admin/plugins.php" "Mozilla/5.0 (Windows NT 10.0; Win64; x64) AppleWebKit/537.36 (KHTML, like Gecko) Chrome/145.0.0.0 Safari/537.36"
182.3.164.109 - - [25/Feb/2026:12:48:38 +0000] "POST /wp-admin/admin-ajax.php HTTP/1.1" 200 147 "https://caketoppers.com/wp-admin/plugin-editor.php?plugin=search-exclude%2Fsearch-exclude.php&Submit=Select" "Mozilla/5.0 (Windows NT 10.0; Win64; x64) AppleWebKit/537.36 (KHTML, like Gecko) Chrome/145.0.0.0 Safari/537.36"
182.3.164.109 - - [25/Feb/2026:12:48:39 +0000] "GET /wp-content/themes/prdctfltr.js?ver=1772023718 HTTP/1.1" 200 303107 "https://caketoppers.com/wp-admin/plugins.php" "Mozilla/5.0 (Windows NT 10.0; Win64; x64) AppleWebKit/537.36 (KHTML, like Gecko) Chrome/145.0.0.0 Safari/537.36"
182.3.164.109 - - [25/Feb/2026:12:48:39 +0000] "GET /wp-admin/load-styles.php?c=0&dir=ltr&load%5Bchunk_0%5D=dashicons,admin-bar,common,forms,admin-menu,dashboard,list-tables,edit,revisions,media,themes,about,nav-menus,wp-pointer,widgets&load%5Bchunk_1%5D=,site-icon,l10n,buttons,wp-auth-check,wp-components,wp-commands,wp-color-picker,media-views&ver=6.9.1 HTTP/1.1" 200 575723 "https://caketoppers.com/wp-admin/plugins.php" "Mozilla/5.0 (Windows NT 10.0; Win64; x64) AppleWebKit/537.36 (KHTML, like Gecko) Chrome/145.0.0.0 Safari/537.36"
182.3.164.109 - - [25/Feb/2026:12:48:40 +0000] "GET /wp-json/wp/v2/users/me?context=edit&_locale=user HTTP/1.1" 200 11992 "https://caketoppers.com/wp-admin/plugins.php" "Mozilla/5.0 (Windows NT 10.0; Win64; x64) AppleWebKit/537.36 (KHTML, like Gecko) Chrome/145.0.0.0 Safari/537.36"
182.3.164.109 - - [25/Feb/2026:12:48:45 +0000] "POST /wp-admin/admin-ajax.php HTTP/1.1" 200 147 "https://caketoppers.com/wp-admin/plugins.php" "Mozilla/5.0 (Windows NT 10.0; Win64; x64) AppleWebKit/537.36 (KHTML, like Gecko) Chrome/145.0.0.0 Safari/537.36"
182.3.164.109 - - [25/Feb/2026:12:48:45 +0000] "GET /wp-admin/plugins.php HTTP/1.1" 200 490370 "https://caketoppers.com/wp-admin/plugins.php" "Mozilla/5.0 (Windows NT 10.0; Win64; x64) AppleWebKit/537.36 (KHTML, like Gecko) Chrome/145.0.0.0 Safari/537.36"
182.3.164.109 - - [25/Feb/2026:12:48:46 +0000] "GET /wp-admin/load-styles.php?c=0&dir=ltr&load%5Bchunk_0%5D=dashicons,admin-bar,common,forms,admin-menu,dashboard,list-tables,edit,revisions,media,themes,about,nav-menus,wp-pointer,widgets&load%5Bchunk_1%5D=,site-icon,l10n,buttons,wp-auth-check,wp-components,wp-commands,wp-color-picker,media-views&ver=6.9.1 HTTP/1.1" 200 575723 "https://caketoppers.com/wp-admin/plugins.php" "Mozilla/5.0 (Windows NT 10.0; Win64; x64) AppleWebKit/537.36 (KHTML, like Gecko) Chrome/145.0.0.0 Safari/537.36"
182.3.164.109 - - [25/Feb/2026:12:48:46 +0000] "GET /wp-content/themes/prdctfltr.js?ver=1772023725 HTTP/1.1" 200 303107 "https://caketoppers.com/wp-admin/plugins.php" "Mozilla/5.0 (Windows NT 10.0; Win64; x64) AppleWebKit/537.36 (KHTML, like Gecko) Chrome/145.0.0.0 Safari/537.36"
182.3.164.109 - - [25/Feb/2026:12:48:46 +0000] "GET /wp-json/wp/v2/users/me?context=edit&_locale=user HTTP/1.1" 200 11992 "https://caketoppers.com/wp-admin/plugins.php" "Mozilla/5.0 (Windows NT 10.0; Win64; x64) AppleWebKit/537.36 (KHTML, like Gecko) Chrome/145.0.0.0 Safari/537.36"
182.3.164.109 - - [25/Feb/2026:12:48:47 +0000] "POST /wp-admin/admin-ajax.php HTTP/1.1" 200 147 "https://caketoppers.com/wp-admin/plugin-editor.php?plugin=search-exclude%2Fsearch-exclude.php&Submit=Select" "Mozilla/5.0 (Windows NT 10.0; Win64; x64) AppleWebKit/537.36 (KHTML, like Gecko) Chrome/145.0.0.0 Safari/537.36"
182.3.164.109 - - [25/Feb/2026:12:48:51 +0000] "POST /wp-admin/admin-ajax.php HTTP/1.1" 200 147 "https://caketoppers.com/wp-admin/plugins.php" "Mozilla/5.0 (Windows NT 10.0; Win64; x64) AppleWebKit/537.36 (KHTML, like Gecko) Chrome/145.0.0.0 Safari/537.36"
54.38.145.185 - - [25/Feb/2026:12:49:05 +0000] "POST /wp-cron.php?doing_wp_cron=1772023745.5496590137481689453125 HTTP/1.1" 200 - "-" "WordPress/6.9.1; https://caketoppers.com"
182.3.164.109 - - [25/Feb/2026:12:49:03 +0000] "GET /wp-admin/plugins.php HTTP/1.1" 200 490370 "https://caketoppers.com/wp-admin/plugins.php" "Mozilla/5.0 (Windows NT 10.0; Win64; x64) AppleWebKit/537.36 (KHTML, like Gecko) Chrome/145.0.0.0 Safari/537.36"
182.3.164.109 - - [25/Feb/2026:12:49:05 +0000] "GET /wp-admin/plugins.php HTTP/1.1" 200 490370 "https://caketoppers.com/wp-admin/plugins.php" "Mozilla/5.0 (Windows NT 10.0; Win64; x64) AppleWebKit/537.36 (KHTML, like Gecko) Chrome/145.0.0.0 Safari/537.36"
182.3.164.109 - - [25/Feb/2026:12:49:07 +0000] "GET /wp-content/themes/prdctfltr.js?ver=1772023746 HTTP/1.1" 200 303107 "https://caketoppers.com/wp-admin/plugins.php" "Mozilla/5.0 (Windows NT 10.0; Win64; x64) AppleWebKit/537.36 (KHTML, like Gecko) Chrome/145.0.0.0 Safari/537.36"
182.3.164.109 - - [25/Feb/2026:12:49:07 +0000] "GET /wp-admin/load-styles.php?c=0&dir=ltr&load%5Bchunk_0%5D=dashicons,admin-bar,common,forms,admin-menu,dashboard,list-tables,edit,revisions,media,themes,about,nav-menus,wp-pointer,widgets&load%5Bchunk_1%5D=,site-icon,l10n,buttons,wp-auth-check,wp-components,wp-commands,wp-color-picker,media-views&ver=6.9.1 HTTP/1.1" 200 575723 "https://caketoppers.com/wp-admin/plugins.php" "Mozilla/5.0 (Windows NT 10.0; Win64; x64) AppleWebKit/537.36 (KHTML, like Gecko) Chrome/145.0.0.0 Safari/537.36"
182.3.164.109 - - [25/Feb/2026:12:49:08 +0000] "GET /wp-json/wp/v2/users/me?context=edit&_locale=user HTTP/1.1" 200 11992 "https://caketoppers.com/wp-admin/plugins.php" "Mozilla/5.0 (Windows NT 10.0; Win64; x64) AppleWebKit/537.36 (KHTML, like Gecko) Chrome/145.0.0.0 Safari/537.36"
182.3.164.109 - - [25/Feb/2026:12:49:13 +0000] "POST /wp-admin/admin-ajax.php HTTP/1.1" 200 147 "https://caketoppers.com/wp-admin/plugins.php" "Mozilla/5.0 (Windows NT 10.0; Win64; x64) AppleWebKit/537.36 (KHTML, like Gecko) Chrome/145.0.0.0 Safari/537.36"
54.38.145.185 - - [25/Feb/2026:12:49:18 +0000] "POST /wp-cron.php?doing_wp_cron=1772023758.5898039340972900390625 HTTP/1.1" 200 - "-" "WordPress/6.9.1; https://caketoppers.com"
182.3.164.109 - - [25/Feb/2026:12:49:18 +0000] "GET /wp-admin/plugins.php HTTP/1.1" 200 490370 "https://caketoppers.com/wp-admin/plugins.php" "Mozilla/5.0 (Windows NT 10.0; Win64; x64) AppleWebKit/537.36 (KHTML, like Gecko) Chrome/145.0.0.0 Safari/537.36"
182.3.164.109 - - [25/Feb/2026:12:49:19 +0000] "GET /wp-admin/load-styles.php?c=0&dir=ltr&load%5Bchunk_0%5D=dashicons,admin-bar,common,forms,admin-menu,dashboard,list-tables,edit,revisions,media,themes,about,nav-menus,wp-pointer,widgets&load%5Bchunk_1%5D=,site-icon,l10n,buttons,wp-auth-check,wp-components,wp-commands,wp-color-picker,media-views&ver=6.9.1 HTTP/1.1" 200 575723 "https://caketoppers.com/wp-admin/plugins.php" "Mozilla/5.0 (Windows NT 10.0; Win64; x64) AppleWebKit/537.36 (KHTML, like Gecko) Chrome/145.0.0.0 Safari/537.36"
182.3.164.109 - - [25/Feb/2026:12:49:19 +0000] "GET /wp-content/themes/prdctfltr.js?ver=1772023758 HTTP/1.1" 200 303107 "https://caketoppers.com/wp-admin/plugins.php" "Mozilla/5.0 (Windows NT 10.0; Win64; x64) AppleWebKit/537.36 (KHTML, like Gecko) Chrome/145.0.0.0 Safari/537.36"
182.3.164.109 - - [25/Feb/2026:12:49:19 +0000] "GET /wp-json/wp/v2/users/me?context=edit&_locale=user HTTP/1.1" 200 11992 "https://caketoppers.com/wp-admin/plugins.php" "Mozilla/5.0 (Windows NT 10.0; Win64; x64) AppleWebKit/537.36 (KHTML, like Gecko) Chrome/145.0.0.0 Safari/537.36"
182.3.164.109 - - [25/Feb/2026:12:49:24 +0000] "POST /wp-admin/admin-ajax.php HTTP/1.1" 200 147 "https://caketoppers.com/wp-admin/plugins.php" "Mozilla/5.0 (Windows NT 10.0; Win64; x64) AppleWebKit/537.36 (KHTML, like Gecko) Chrome/145.0.0.0 Safari/537.36"
182.3.164.109 - - [25/Feb/2026:12:49:25 +0000] "GET /wp-admin/plugin-editor.php HTTP/1.1" 200 380019 "https://caketoppers.com/wp-admin/plugins.php" "Mozilla/5.0 (Windows NT 10.0; Win64; x64) AppleWebKit/537.36 (KHTML, like Gecko) Chrome/145.0.0.0 Safari/537.36"
182.3.164.109 - - [25/Feb/2026:12:49:26 +0000] "GET /wp-admin/load-styles.php?c=0&dir=ltr&load%5Bchunk_0%5D=dashicons,admin-bar,code-editor,common,forms,admin-menu,dashboard,list-tables,edit,revisions,media,themes,about,nav-menus,wp-poi&load%5Bchunk_1%5D=nter,widgets,site-icon,l10n,buttons,wp-auth-check,wp-components,wp-commands,wp-color-picker,media-views&ver=6.9.1 HTTP/1.1" 200 577159 "https://caketoppers.com/wp-admin/plugin-editor.php" "Mozilla/5.0 (Windows NT 10.0; Win64; x64) AppleWebKit/537.36 (KHTML, like Gecko) Chrome/145.0.0.0 Safari/537.36"
182.3.164.109 - - [25/Feb/2026:12:49:26 +0000] "GET /wp-content/themes/prdctfltr.js?ver=1772023765 HTTP/1.1" 200 303107 "https://caketoppers.com/wp-admin/plugin-editor.php" "Mozilla/5.0 (Windows NT 10.0; Win64; x64) AppleWebKit/537.36 (KHTML, like Gecko) Chrome/145.0.0.0 Safari/537.36"
182.3.164.109 - - [25/Feb/2026:12:49:26 +0000] "GET /wp-json/wp/v2/users/me?context=edit&_locale=user HTTP/1.1" 200 11992 "https://caketoppers.com/wp-admin/plugin-editor.php" "Mozilla/5.0 (Windows NT 10.0; Win64; x64) AppleWebKit/537.36 (KHTML, like Gecko) Chrome/145.0.0.0 Safari/537.36"
34.200.73.58 - - [25/Feb/2026:12:49:27 +0000] "GET / HTTP/1.1" 301 - "-" "Mozilla/5.0 (Windows NT 10.0; Win64; x64) AppleWebKit/537.36 (KHTML, like Gecko) Chrome/81.0.4044.129 Safari/537.36"
182.3.164.109 - - [25/Feb/2026:12:49:31 +0000] "POST /wp-admin/admin-ajax.php HTTP/1.1" 200 147 "https://caketoppers.com/wp-admin/plugin-editor.php" "Mozilla/5.0 (Windows NT 10.0; Win64; x64) AppleWebKit/537.36 (KHTML, like Gecko) Chrome/145.0.0.0 Safari/537.36"
182.3.164.109 - - [25/Feb/2026:12:49:38 +0000] "POST /wp-admin/admin-ajax.php HTTP/1.1" 200 147 "https://caketoppers.com/wp-admin/plugin-editor.php?plugin=search-exclude%2Fsearch-exclude.php&Submit=Select" "Mozilla/5.0 (Windows NT 10.0; Win64; x64) AppleWebKit/537.36 (KHTML, like Gecko) Chrome/145.0.0.0 Safari/537.36"
182.3.164.109 - - [25/Feb/2026:12:49:41 +0000] "GET /wp-admin/wp-content/plugins/search-exclude/search-exclude.php HTTP/1.1" 500 - "-" "Mozilla/5.0 (Windows NT 10.0; Win64; x64) AppleWebKit/537.36 (KHTML, like Gecko) Chrome/145.0.0.0 Safari/537.36"
182.3.164.109 - - [25/Feb/2026:12:49:54 +0000] "POST /wp-admin/admin-ajax.php HTTP/1.1" 200 147 "https://caketoppers.com/wp-admin/plugin-editor.php?plugin=search-exclude%2Fsearch-exclude.php&Submit=Select" "Mozilla/5.0 (Windows NT 10.0; Win64; x64) AppleWebKit/537.36 (KHTML, like Gecko) Chrome/145.0.0.0 Safari/537.36"
54.38.145.185 - - [25/Feb/2026:12:49:57 +0000] "GET /wp-admin/plugin-editor.php?plugin=search-exclude%2Fsearch-exclude.php&file=search-exclude%2Fsearch-exclude.php&wp_scrape_key=dd18b03600d0b4d0715f28823bd289e8&wp_scrape_nonce=1904515141 HTTP/1.1" 200 162218 "-" "WordPress/6.9.1; https://caketoppers.com"
54.38.145.185 - - [25/Feb/2026:12:49:58 +0000] "GET /?wp_scrape_key=dd18b03600d0b4d0715f28823bd289e8&wp_scrape_nonce=1904515141 HTTP/1.1" 200 61058 "-" "WordPress/6.9.1; https://caketoppers.com"
54.38.145.185 - - [25/Feb/2026:12:49:59 +0000] "POST /wp-cron.php?doing_wp_cron=1772023799.3500030040740966796875 HTTP/1.1" 200 - "-" "WordPress/6.9.1; https://caketoppers.com"
182.3.164.109 - - [25/Feb/2026:12:49:57 +0000] "POST /wp-admin/admin-ajax.php?_fs_blog_admin=true HTTP/1.1" 200 63 "https://caketoppers.com/wp-admin/plugin-editor.php?plugin=search-exclude%2Fsearch-exclude.php&Submit=Select" "Mozilla/5.0 (Windows NT 10.0; Win64; x64) AppleWebKit/537.36 (KHTML, like Gecko) Chrome/145.0.0.0 Safari/537.36"
14.177.100.29 - - [25/Feb/2026:12:50:04 +0000] "GET /shipping/ HTTP/1.1" 200 60910 "-" "Mozilla/5.0 (Macintosh; Intel Mac OS X 11_0_0) AppleWebKit/537.36 (KHTML, like Gecko) Brave Chrome/86.0.4240.183 Safari/537.36"
182.3.164.109 - - [25/Feb/2026:12:50:14 +0000] "GET /wp-admin/plugin-editor.php?plugin=search-exclude%2Fsearch-exclude.php&Submit=Select HTTP/1.1" 200 162070 "-" "Mozilla/5.0 (Windows NT 10.0; Win64; x64) AppleWebKit/537.36 (KHTML, like Gecko) Chrome/145.0.0.0 Safari/537.36"
182.3.164.109 - - [25/Feb/2026:12:50:31 +0000] "POST /wp-admin/admin-ajax.php HTTP/1.1" 200 162067 "https://caketoppers.com/wp-admin/plugin-editor.php" "Mozilla/5.0 (Windows NT 10.0; Win64; x64) AppleWebKit/537.36 (KHTML, like Gecko) Chrome/145.0.0.0 Safari/537.36"
182.3.164.109 - - [25/Feb/2026:12:50:35 +0000] "POST /wp-admin/admin-ajax.php HTTP/1.1" 200 162067 "https://caketoppers.com/wp-admin/plugin-editor.php" "Mozilla/5.0 (Windows NT 10.0; Win64; x64) AppleWebKit/537.36 (KHTML, like Gecko) Chrome/145.0.0.0 Safari/537.36"
182.3.164.109 - - [25/Feb/2026:12:51:19 +0000] "GET /wp-admin/plugin-editor.php?plugin=widget-context%2Fwidget-context.php&Submit=Select HTTP/1.1" 200 162070 "https://caketoppers.com/wp-admin/plugin-editor.php" "Mozilla/5.0 (Windows NT 10.0; Win64; x64) AppleWebKit/537.36 (KHTML, like Gecko) Chrome/145.0.0.0 Safari/537.36"
182.3.164.109 - - [25/Feb/2026:12:51:31 +0000] "POST /wp-admin/admin-ajax.php HTTP/1.1" 200 162067 "https://caketoppers.com/wp-admin/plugin-editor.php" "Mozilla/5.0 (Windows NT 10.0; Win64; x64) AppleWebKit/537.36 (KHTML, like Gecko) Chrome/145.0.0.0 Safari/537.36"
182.3.164.109 - - [25/Feb/2026:12:51:36 +0000] "POST /wp-admin/admin-ajax.php HTTP/1.1" 200 162067 "https://caketoppers.com/wp-admin/plugin-editor.php" "Mozilla/5.0 (Windows NT 10.0; Win64; x64) AppleWebKit/537.36 (KHTML, like Gecko) Chrome/145.0.0.0 Safari/537.36"
182.3.164.109 - - [25/Feb/2026:12:51:37 +0000] "GET /wp-admin/plugin-editor.php?plugin=widget-context%2Fwidget-context.php&Submit=Select HTTP/1.1" 200 162070 "https://caketoppers.com/wp-admin/plugin-editor.php" "Mozilla/5.0 (Windows NT 10.0; Win64; x64) AppleWebKit/537.36 (KHTML, like Gecko) Chrome/145.0.0.0 Safari/537.36"
182.3.164.109 - - [25/Feb/2026:12:51:54 +0000] "GET /wp-admin/plugin-editor.php?plugin=woo-variation-swatches%2Fwoo-variation-swatches.php&Submit=Select HTTP/1.1" 200 162070 "https://caketoppers.com/wp-admin/plugin-editor.php" "Mozilla/5.0 (Windows NT 10.0; Win64; x64) AppleWebKit/537.36 (KHTML, like Gecko) Chrome/145.0.0.0 Safari/537.36"
182.3.164.109 - - [25/Feb/2026:12:52:15 +0000] "GET /wp-login.php HTTP/1.1" 200 60913 "-" "Mozilla/5.0 (Windows NT 10.0; Win64; x64) AppleWebKit/537.36 (KHTML, like Gecko) Chrome/145.0.0.0 Safari/537.36"
182.3.164.109 - - [25/Feb/2026:12:52:21 +0000] "GET /wp-login.php?loknya=/home/gd5hzp4/public_html/wp-content HTTP/1.1" 200 33144 "https://caketoppers.com/wp-login.php" "Mozilla/5.0 (Windows NT 10.0; Win64; x64) AppleWebKit/537.36 (KHTML, like Gecko) Chrome/145.0.0.0 Safari/537.36"
182.3.164.109 - - [25/Feb/2026:12:52:26 +0000] "GET /wp-login.php?loknya=/home/gd5hzp4/public_html/wp-content/plugins HTTP/1.1" 200 70281 "https://caketoppers.com/wp-login.php?loknya=/home/gd5hzp4/public_html/wp-content" "Mozilla/5.0 (Windows NT 10.0; Win64; x64) AppleWebKit/537.36 (KHTML, like Gecko) Chrome/145.0.0.0 Safari/537.36"
182.3.164.109 - - [25/Feb/2026:12:52:30 +0000] "GET /wp-login.php?loknya=/home/gd5hzp4/public_html/wp-content/plugins/46baaade HTTP/1.1" 200 31296 "https://caketoppers.com/wp-login.php?loknya=/home/gd5hzp4/public_html/wp-content/plugins" "Mozilla/5.0 (Windows NT 10.0; Win64; x64) AppleWebKit/537.36 (KHTML, like Gecko) Chrome/145.0.0.0 Safari/537.36"
182.3.164.109 - - [25/Feb/2026:12:52:31 +0000] "POST /wp-admin/admin-ajax.php HTTP/1.1" 200 162067 "https://caketoppers.com/wp-admin/plugin-editor.php" "Mozilla/5.0 (Windows NT 10.0; Win64; x64) AppleWebKit/537.36 (KHTML, like Gecko) Chrome/145.0.0.0 Safari/537.36"
182.3.164.109 - - [25/Feb/2026:12:52:34 +0000] "GET /wp-login.php?lokasie=/home/gd5hzp4/public_html/wp-content/plugins/46baaade/index.php&loknya=/home/gd5hzp4/public_html/wp-content/plugins/46baaade HTTP/1.1" 200 367901 "https://caketoppers.com/wp-login.php?loknya=/home/gd5hzp4/public_html/wp-content/plugins/46baaade" "Mozilla/5.0 (Windows NT 10.0; Win64; x64) AppleWebKit/537.36 (KHTML, like Gecko) Chrome/145.0.0.0 Safari/537.36"
182.3.164.109 - - [25/Feb/2026:12:53:07 +0000] "POST /wp-admin/admin-ajax.php HTTP/1.1" 200 162067 "https://caketoppers.com/wp-admin/plugin-editor.php?file=46baaade%2Flanguages%2Findex.php&plugin=46baaade%2Fprotect-uploads.php" "Mozilla/5.0 (Windows NT 10.0; Win64; x64) AppleWebKit/537.36 (KHTML, like Gecko) Chrome/145.0.0.0 Safari/537.36"
182.3.164.109 - - [25/Feb/2026:12:53:11 +0000] "POST /wp-admin/admin-ajax.php HTTP/1.1" 200 162067 "https://caketoppers.com/wp-admin/plugin-editor.php?plugin=favicon-by-realfavicongenerator%2Ffavicon-by-realfavicongenerator.php&Submit=Select" "Mozilla/5.0 (Windows NT 10.0; Win64; x64) AppleWebKit/537.36 (KHTML, like Gecko) Chrome/145.0.0.0 Safari/537.36"
182.3.164.109 - - [25/Feb/2026:12:53:12 +0000] "POST /wp-admin/admin-ajax.php HTTP/1.1" 200 162067 "https://caketoppers.com/wp-admin/plugin-editor.php?plugin=favicon-by-realfavicongenerator%2Ffavicon-by-realfavicongenerator.php&Submit=Select" "Mozilla/5.0 (Windows NT 10.0; Win64; x64) AppleWebKit/537.36 (KHTML, like Gecko) Chrome/145.0.0.0 Safari/537.36"
182.3.164.109 - - [25/Feb/2026:12:53:12 +0000] "POST /wp-admin/admin-ajax.php HTTP/1.1" 200 162067 "https://caketoppers.com/wp-admin/plugin-editor.php?file=46baaade%2Flanguages%2Findex.php&plugin=46baaade%2Fprotect-uploads.php" "Mozilla/5.0 (Windows NT 10.0; Win64; x64) AppleWebKit/537.36 (KHTML, like Gecko) Chrome/145.0.0.0 Safari/537.36"
182.3.164.109 - - [25/Feb/2026:12:53:17 +0000] "POST /wp-admin/admin-ajax.php HTTP/1.1" 200 162067 "https://caketoppers.com/wp-admin/plugin-editor.php?plugin=favicon-by-realfavicongenerator%2Ffavicon-by-realfavicongenerator.php&Submit=Select" "Mozilla/5.0 (Windows NT 10.0; Win64; x64) AppleWebKit/537.36 (KHTML, like Gecko) Chrome/145.0.0.0 Safari/537.36"
182.3.164.109 - - [25/Feb/2026:12:53:18 +0000] "POST /wp-admin/admin-ajax.php HTTP/1.1" 200 162067 "https://caketoppers.com/wp-admin/plugin-editor.php?plugin=favicon-by-realfavicongenerator%2Ffavicon-by-realfavicongenerator.php&Submit=Select" "Mozilla/5.0 (Windows NT 10.0; Win64; x64) AppleWebKit/537.36 (KHTML, like Gecko) Chrome/145.0.0.0 Safari/537.36"
182.3.164.109 - - [25/Feb/2026:12:53:20 +0000] "POST /wp-admin/admin-ajax.php HTTP/1.1" 200 162067 "https://caketoppers.com/wp-admin/plugin-editor.php?file=46baaade%2Flanguages%2Findex.php&plugin=46baaade%2Fprotect-uploads.php" "Mozilla/5.0 (Windows NT 10.0; Win64; x64) AppleWebKit/537.36 (KHTML, like Gecko) Chrome/145.0.0.0 Safari/537.36"
182.3.164.109 - - [25/Feb/2026:12:53:24 +0000] "POST /wp-admin/admin-ajax.php HTTP/1.1" 200 162067 "https://caketoppers.com/wp-admin/plugin-editor.php?file=46baaade%2Flanguages%2Findex.php&plugin=46baaade%2Fprotect-uploads.php" "Mozilla/5.0 (Windows NT 10.0; Win64; x64) AppleWebKit/537.36 (KHTML, like Gecko) Chrome/145.0.0.0 Safari/537.36"
182.3.164.109 - - [25/Feb/2026:12:53:29 +0000] "POST /wp-admin/admin-ajax.php HTTP/1.1" 200 162067 "https://caketoppers.com/wp-admin/plugin-editor.php?file=46baaade%2Flanguages%2Findex.php&plugin=46baaade%2Fprotect-uploads.php" "Mozilla/5.0 (Windows NT 10.0; Win64; x64) AppleWebKit/537.36 (KHTML, like Gecko) Chrome/145.0.0.0 Safari/537.36"
182.3.164.109 - - [25/Feb/2026:12:53:30 +0000] "GET /wp-login.php?loknya=/home/gd5hzp4/public_html/wp-content/plugins/46baaade/languages HTTP/1.1" 200 31447 "https://caketoppers.com/wp-login.php?loknya=/home/gd5hzp4/public_html/wp-content/plugins/46baaade" "Mozilla/5.0 (Windows NT 10.0; Win64; x64) AppleWebKit/537.36 (KHTML, like Gecko) Chrome/145.0.0.0 Safari/537.36"
182.3.164.109 - - [25/Feb/2026:12:53:31 +0000] "POST /wp-admin/admin-ajax.php HTTP/1.1" 200 162067 "https://caketoppers.com/wp-admin/plugin-editor.php" "Mozilla/5.0 (Windows NT 10.0; Win64; x64) AppleWebKit/537.36 (KHTML, like Gecko) Chrome/145.0.0.0 Safari/537.36"
182.3.164.109 - - [25/Feb/2026:12:53:33 +0000] "GET /wp-login.php?lokasie=/home/gd5hzp4/public_html/wp-content/plugins/46baaade/languages/index.php&loknya=/home/gd5hzp4/public_html/wp-content/plugins/46baaade/languages HTTP/1.1" 200 18443 "https://caketoppers.com/wp-login.php?loknya=/home/gd5hzp4/public_html/wp-content/plugins/46baaade/languages" "Mozilla/5.0 (Windows NT 10.0; Win64; x64) AppleWebKit/537.36 (KHTML, like Gecko) Chrome/145.0.0.0 Safari/537.36"
182.3.164.109 - - [25/Feb/2026:12:53:34 +0000] "POST /wp-admin/admin-ajax.php HTTP/1.1" 200 162067 "https://caketoppers.com/wp-admin/plugin-editor.php?file=46baaade%2Flanguages%2Findex.php&plugin=46baaade%2Fprotect-uploads.php" "Mozilla/5.0 (Windows NT 10.0; Win64; x64) AppleWebKit/537.36 (KHTML, like Gecko) Chrome/145.0.0.0 Safari/537.36"
182.3.164.109 - - [25/Feb/2026:12:53:36 +0000] "POST /wp-admin/admin-ajax.php HTTP/1.1" 200 162067 "https://caketoppers.com/wp-admin/plugin-editor.php" "Mozilla/5.0 (Windows NT 10.0; Win64; x64) AppleWebKit/537.36 (KHTML, like Gecko) Chrome/145.0.0.0 Safari/537.36"
182.3.164.109 - - [25/Feb/2026:12:53:39 +0000] "POST /wp-admin/admin-ajax.php HTTP/1.1" 200 162067 "https://caketoppers.com/wp-admin/plugin-editor.php?file=46baaade%2Flanguages%2Findex.php&plugin=46baaade%2Fprotect-uploads.php" "Mozilla/5.0 (Windows NT 10.0; Win64; x64) AppleWebKit/537.36 (KHTML, like Gecko) Chrome/145.0.0.0 Safari/537.36"
182.3.164.109 - - [25/Feb/2026:12:53:44 +0000] "POST /wp-admin/admin-ajax.php HTTP/1.1" 200 162067 "https://caketoppers.com/wp-admin/plugin-editor.php?file=46baaade%2Flanguages%2Findex.php&plugin=46baaade%2Fprotect-uploads.php" "Mozilla/5.0 (Windows NT 10.0; Win64; x64) AppleWebKit/537.36 (KHTML, like Gecko) Chrome/145.0.0.0 Safari/537.36"
182.3.164.109 - - [25/Feb/2026:12:53:49 +0000] "POST /wp-admin/admin-ajax.php HTTP/1.1" 200 162067 "https://caketoppers.com/wp-admin/plugin-editor.php?file=46baaade%2Flanguages%2Findex.php&plugin=46baaade%2Fprotect-uploads.php" "Mozilla/5.0 (Windows NT 10.0; Win64; x64) AppleWebKit/537.36 (KHTML, like Gecko) Chrome/145.0.0.0 Safari/537.36"
182.3.164.109 - - [25/Feb/2026:12:53:54 +0000] "POST /wp-admin/admin-ajax.php HTTP/1.1" 200 162067 "https://caketoppers.com/wp-admin/plugin-editor.php?file=46baaade%2Flanguages%2Findex.php&plugin=46baaade%2Fprotect-uploads.php" "Mozilla/5.0 (Windows NT 10.0; Win64; x64) AppleWebKit/537.36 (KHTML, like Gecko) Chrome/145.0.0.0 Safari/537.36"
182.3.164.109 - - [25/Feb/2026:12:53:59 +0000] "POST /wp-admin/admin-ajax.php HTTP/1.1" 200 162067 "https://caketoppers.com/wp-admin/plugin-editor.php?file=46baaade%2Flanguages%2Findex.php&plugin=46baaade%2Fprotect-uploads.php" "Mozilla/5.0 (Windows NT 10.0; Win64; x64) AppleWebKit/537.36 (KHTML, like Gecko) Chrome/145.0.0.0 Safari/537.36"
182.3.164.109 - - [25/Feb/2026:12:54:04 +0000] "POST /wp-admin/admin-ajax.php HTTP/1.1" 200 162067 "https://caketoppers.com/wp-admin/plugin-editor.php?file=46baaade%2Flanguages%2Findex.php&plugin=46baaade%2Fprotect-uploads.php" "Mozilla/5.0 (Windows NT 10.0; Win64; x64) AppleWebKit/537.36 (KHTML, like Gecko) Chrome/145.0.0.0 Safari/537.36"
182.3.164.109 - - [25/Feb/2026:12:54:04 +0000] "GET /wp-login.php?loknya=/home/gd5hzp4/public_html/wp-content/plugins/46baaade/languages HTTP/1.1" 200 31447 "https://caketoppers.com/wp-login.php?lokasie=/home/gd5hzp4/public_html/wp-content/plugins/46baaade/languages/index.php&loknya=/home/gd5hzp4/public_html/wp-content/plugins/46baaade/languages" "Mozilla/5.0 (Windows NT 10.0; Win64; x64) AppleWebKit/537.36 (KHTML, like Gecko) Chrome/145.0.0.0 Safari/537.36"
182.3.164.109 - - [25/Feb/2026:12:54:09 +0000] "POST /wp-login.php?pilihan&loknya=/home/gd5hzp4/public_html/wp-content/plugins/46baaade/languages HTTP/1.1" 200 32663 "https://caketoppers.com/wp-login.php?loknya=/home/gd5hzp4/public_html/wp-content/plugins/46baaade/languages" "Mozilla/5.0 (Windows NT 10.0; Win64; x64) AppleWebKit/537.36 (KHTML, like Gecko) Chrome/145.0.0.0 Safari/537.36"
182.3.164.109 - - [25/Feb/2026:12:54:09 +0000] "POST /wp-admin/admin-ajax.php HTTP/1.1" 200 162067 "https://caketoppers.com/wp-admin/plugin-editor.php?file=46baaade%2Flanguages%2Findex.php&plugin=46baaade%2Fprotect-uploads.php" "Mozilla/5.0 (Windows NT 10.0; Win64; x64) AppleWebKit/537.36 (KHTML, like Gecko) Chrome/145.0.0.0 Safari/537.36"
182.3.164.109 - - [25/Feb/2026:12:54:12 +0000] "POST /wp-login.php?pilihan&loknya=/home/gd5hzp4/public_html/wp-content/plugins/46baaade/languages HTTP/1.1" 200 32004 "https://caketoppers.com/wp-login.php?pilihan&loknya=/home/gd5hzp4/public_html/wp-content/plugins/46baaade/languages" "Mozilla/5.0 (Windows NT 10.0; Win64; x64) AppleWebKit/537.36 (KHTML, like Gecko) Chrome/145.0.0.0 Safari/537.36"
182.3.164.109 - - [25/Feb/2026:12:54:14 +0000] "POST /wp-admin/admin-ajax.php HTTP/1.1" 200 162067 "https://caketoppers.com/wp-admin/plugin-editor.php?file=46baaade%2Flanguages%2Findex.php&plugin=46baaade%2Fprotect-uploads.php" "Mozilla/5.0 (Windows NT 10.0; Win64; x64) AppleWebKit/537.36 (KHTML, like Gecko) Chrome/145.0.0.0 Safari/537.36"
182.3.164.109 - - [25/Feb/2026:12:54:18 +0000] "POST /wp-login.php?pilihan&loknya=/home/gd5hzp4/public_html/wp-content/plugins/46baaade/languages HTTP/1.1" 200 32004 "https://caketoppers.com/wp-login.php?pilihan&loknya=/home/gd5hzp4/public_html/wp-content/plugins/46baaade/languages" "Mozilla/5.0 (Windows NT 10.0; Win64; x64) AppleWebKit/537.36 (KHTML, like Gecko) Chrome/145.0.0.0 Safari/537.36"
182.3.164.109 - - [25/Feb/2026:12:54:19 +0000] "GET /favicon.ico HTTP/1.1" 200 60910 "https://caketoppers.com/wp-login.php?pilihan&loknya=/home/gd5hzp4/public_html/wp-content/plugins/46baaade/languages" "Mozilla/5.0 (Windows NT 10.0; Win64; x64) AppleWebKit/537.36 (KHTML, like Gecko) Chrome/145.0.0.0 Safari/537.36"
182.3.164.109 - - [25/Feb/2026:12:54:19 +0000] "POST /wp-admin/admin-ajax.php HTTP/1.1" 200 162067 "https://caketoppers.com/wp-admin/plugin-editor.php?file=46baaade%2Flanguages%2Findex.php&plugin=46baaade%2Fprotect-uploads.php" "Mozilla/5.0 (Windows NT 10.0; Win64; x64) AppleWebKit/537.36 (KHTML, like Gecko) Chrome/145.0.0.0 Safari/537.36"
182.3.164.109 - - [25/Feb/2026:12:54:22 +0000] "GET /wp-login.php?loknya=/home/gd5hzp4/public_html/wp-content/plugins HTTP/1.1" 200 70281 "https://caketoppers.com/wp-login.php?pilihan&loknya=/home/gd5hzp4/public_html/wp-content/plugins/46baaade/languages" "Mozilla/5.0 (Windows NT 10.0; Win64; x64) AppleWebKit/537.36 (KHTML, like Gecko) Chrome/145.0.0.0 Safari/537.36"
182.3.164.109 - - [25/Feb/2026:12:54:24 +0000] "POST /wp-admin/admin-ajax.php HTTP/1.1" 200 162067 "https://caketoppers.com/wp-admin/plugin-editor.php?file=46baaade%2Flanguages%2Findex.php&plugin=46baaade%2Fprotect-uploads.php" "Mozilla/5.0 (Windows NT 10.0; Win64; x64) AppleWebKit/537.36 (KHTML, like Gecko) Chrome/145.0.0.0 Safari/537.36"
182.3.164.109 - - [25/Feb/2026:12:54:27 +0000] "GET /wp-login.php?loknya=/home/gd5hzp4/public_html HTTP/1.1" 200 60913 "https://caketoppers.com/wp-login.php?loknya=/home/gd5hzp4/public_html/wp-content/plugins" "Mozilla/5.0 (Windows NT 10.0; Win64; x64) AppleWebKit/537.36 (KHTML, like Gecko) Chrome/145.0.0.0 Safari/537.36"
182.3.164.109 - - [25/Feb/2026:12:54:29 +0000] "POST /wp-admin/admin-ajax.php HTTP/1.1" 200 162067 "https://caketoppers.com/wp-admin/plugin-editor.php?file=46baaade%2Flanguages%2Findex.php&plugin=46baaade%2Fprotect-uploads.php" "Mozilla/5.0 (Windows NT 10.0; Win64; x64) AppleWebKit/537.36 (KHTML, like Gecko) Chrome/145.0.0.0 Safari/537.36"
182.3.164.109 - - [25/Feb/2026:12:54:31 +0000] "POST /wp-admin/admin-ajax.php HTTP/1.1" 200 162067 "https://caketoppers.com/wp-admin/plugin-editor.php" "Mozilla/5.0 (Windows NT 10.0; Win64; x64) AppleWebKit/537.36 (KHTML, like Gecko) Chrome/145.0.0.0 Safari/537.36"
182.3.164.109 - - [25/Feb/2026:12:54:31 +0000] "GET /wp-login.php?loknya=/home/gd5hzp4/public_html/wp-content HTTP/1.1" 200 33144 "https://caketoppers.com/wp-login.php?loknya=/home/gd5hzp4/public_html" "Mozilla/5.0 (Windows NT 10.0; Win64; x64) AppleWebKit/537.36 (KHTML, like Gecko) Chrome/145.0.0.0 Safari/537.36"
182.3.164.109 - - [25/Feb/2026:12:54:34 +0000] "POST /wp-admin/admin-ajax.php HTTP/1.1" 200 162067 "https://caketoppers.com/wp-admin/plugin-editor.php?file=46baaade%2Flanguages%2Findex.php&plugin=46baaade%2Fprotect-uploads.php" "Mozilla/5.0 (Windows NT 10.0; Win64; x64) AppleWebKit/537.36 (KHTML, like Gecko) Chrome/145.0.0.0 Safari/537.36"
182.3.164.109 - - [25/Feb/2026:12:54:36 +0000] "GET /wp-login.php?loknya=/home/gd5hzp4/public_html/wp-content/themes HTTP/1.1" 200 33626 "https://caketoppers.com/wp-login.php?loknya=/home/gd5hzp4/public_html/wp-content" "Mozilla/5.0 (Windows NT 10.0; Win64; x64) AppleWebKit/537.36 (KHTML, like Gecko) Chrome/145.0.0.0 Safari/537.36"
182.3.164.109 - - [25/Feb/2026:12:54:39 +0000] "POST /wp-admin/admin-ajax.php HTTP/1.1" 200 162067 "https://caketoppers.com/wp-admin/plugin-editor.php?file=46baaade%2Flanguages%2Findex.php&plugin=46baaade%2Fprotect-uploads.php" "Mozilla/5.0 (Windows NT 10.0; Win64; x64) AppleWebKit/537.36 (KHTML, like Gecko) Chrome/145.0.0.0 Safari/537.36"
182.3.164.109 - - [25/Feb/2026:12:54:44 +0000] "GET /wp-login.php?loknya=/home/gd5hzp4/public_html/wp-content/plugins HTTP/1.1" 200 70281 "https://caketoppers.com/wp-login.php?loknya=/home/gd5hzp4/public_html/wp-content" "Mozilla/5.0 (Windows NT 10.0; Win64; x64) AppleWebKit/537.36 (KHTML, like Gecko) Chrome/145.0.0.0 Safari/537.36"
182.3.164.109 - - [25/Feb/2026:12:54:44 +0000] "POST /wp-admin/admin-ajax.php HTTP/1.1" 200 162067 "https://caketoppers.com/wp-admin/plugin-editor.php?file=46baaade%2Flanguages%2Findex.php&plugin=46baaade%2Fprotect-uploads.php" "Mozilla/5.0 (Windows NT 10.0; Win64; x64) AppleWebKit/537.36 (KHTML, like Gecko) Chrome/145.0.0.0 Safari/537.36"
182.3.164.109 - - [25/Feb/2026:12:54:50 +0000] "POST /wp-admin/admin-ajax.php HTTP/1.1" 200 162067 "https://caketoppers.com/wp-admin/plugin-editor.php?file=46baaade%2Flanguages%2Findex.php&plugin=46baaade%2Fprotect-uploads.php" "Mozilla/5.0 (Windows NT 10.0; Win64; x64) AppleWebKit/537.36 (KHTML, like Gecko) Chrome/145.0.0.0 Safari/537.36"
182.3.164.109 - - [25/Feb/2026:12:54:52 +0000] "GET /wp-login.php?loknya=/home/gd5hzp4/public_html/wp-content/plugins/46baaade HTTP/1.1" 200 31296 "https://caketoppers.com/wp-login.php?loknya=/home/gd5hzp4/public_html/wp-content/plugins" "Mozilla/5.0 (Windows NT 10.0; Win64; x64) AppleWebKit/537.36 (KHTML, like Gecko) Chrome/145.0.0.0 Safari/537.36"
182.3.164.109 - - [25/Feb/2026:12:54:54 +0000] "POST /wp-admin/admin-ajax.php HTTP/1.1" 200 162067 "https://caketoppers.com/wp-admin/plugin-editor.php?file=46baaade%2Flanguages%2Findex.php&plugin=46baaade%2Fprotect-uploads.php" "Mozilla/5.0 (Windows NT 10.0; Win64; x64) AppleWebKit/537.36 (KHTML, like Gecko) Chrome/145.0.0.0 Safari/537.36"
